{"id":12583,"date":"2015-09-08T10:26:56","date_gmt":"2015-09-08T08:26:56","guid":{"rendered":"http:\/\/prokulturgut.net\/?page_id=12583"},"modified":"2020-02-19T15:03:34","modified_gmt":"2020-02-19T14:03:34","slug":"studentische-projekte","status":"publish","type":"page","link":"https:\/\/prokulturgut.net\/akademiederkulturen\/programm\/studentische-projekte\/","title":{"rendered":"Studentische Projekte"},"content":{"rendered":"<p>[one_full last=&#8220;yes&#8220; spacing=&#8220;yes&#8220; center_content=&#8220;no&#8220; hide_on_mobile=&#8220;no&#8220; background_color=&#8220;&#8220; background_image=&#8220;&#8220; background_repeat=&#8220;no-repeat&#8220; background_position=&#8220;left top&#8220; border_position=&#8220;all&#8220; border_size=&#8220;0px&#8220; border_color=&#8220;&#8220; border_style=&#8220;&#8220; padding=&#8220;&#8220; margin_top=&#8220;&#8220; margin_bottom=&#8220;&#8220; animation_type=&#8220;&#8220; animation_direction=&#8220;&#8220; animation_speed=&#8220;0.1&#8243; class=&#8220;&#8220; id=&#8220;&#8220;][fusion_text]<\/p>\n<h2><strong>STUDENTISCHE PROJEKTE<\/strong><\/h2>\n<p>[\/fusion_text][\/one_full][two_third last=&#8220;no&#8220; spacing=&#8220;yes&#8220; center_content=&#8220;no&#8220; hide_on_mobile=&#8220;no&#8220; background_color=&#8220;&#8220; background_image=&#8220;&#8220; background_repeat=&#8220;no-repeat&#8220; background_position=&#8220;left top&#8220; border_position=&#8220;all&#8220; border_size=&#8220;0px&#8220; border_color=&#8220;&#8220; border_style=&#8220;&#8220; padding=&#8220;&#8220; margin_top=&#8220;&#8220; margin_bottom=&#8220;&#8220; animation_type=&#8220;&#8220; animation_direction=&#8220;&#8220; animation_speed=&#8220;0.1&#8243; class=&#8220;&#8220; id=&#8220;&#8220;][fusion_text]Der Umgang mit verschiedenen Medien geh\u00f6rt heute zum allt\u00e4glichen Leben dazu, ein bewusster und kritischer Umgang sowie der interkulturelle und interdisziplin\u00e4re Austausch steht in unseren Projekten im Vordergrund.<\/p>\n<p>Die vermittelten theoretischen und praktischen Inhalte und Techniken unserer studentischen Projekte haben einen direkten Praxis- und Forschungsbezug zu den Bildungsg\u00e4ngen der TeilnehmerInnen (z.B. Gestaltung, Design, Kunst, Musik, Tanz, Schauspiel, Theater- Film- und Fernsehwissenschaften, Kunst-, Musik-, Medien- und Kulturp\u00e4dagogik, Erziehungswissenschaften, Sozialp\u00e4dagogik, Sozialwissenschaften u.a.) und dienen der Vorbereitung auf den Berufseinstieg.<\/p>\n<p><img decoding=\"async\" class=\"alignright size-full wp-image-14396\" src=\"http:\/\/prokulturgut.net\/wp-content\/uploads\/2015\/11\/bm_bildung-forschung.jpg\" alt=\"gef\u00f6rdert vom Bundesministerium f\u00fcr Bildung und Forschung\" width=\"236\" height=\"167\" \/><\/p>\n<p>Wir kooperieren mit europ\u00e4ischen und au\u00dfereurop\u00e4ischen Hochschulen, um internationalen Austausch sowie Verst\u00e4ndigung und Zusammenarbeit zu f\u00f6rdern. Die Projekte und ihre Pr\u00e4sentationen haben \u00fcberregionalen, bundesweiten Charakter. Die DozentInnenen sind f\u00fcr die Hochschulen t\u00e4tig oder t\u00e4tig gewesen.<\/p>\n<p>[chronosly type=&#8220;event&#8220; navigation=&#8220;0&#8243; pagination=&#8220;1&#8243;\u00a0 category=&#8220;26&#8243;][\/fusion_text][separator style_type=&#8220;double&#8220; top_margin=&#8220;20&#8243; bottom_margin=&#8220;20&#8243; sep_color=&#8220;&#8220; border_size=&#8220;&#8220; icon=&#8220;&#8220; icon_circle=&#8220;&#8220; icon_circle_color=&#8220;&#8220; width=&#8220;&#8220; alignment=&#8220;center&#8220; class=&#8220;&#8220; id=&#8220;&#8220;][fusion_text]Die Seminare eignen sich besonders f\u00fcr alle Bildungsg\u00e4nge und Berufsziele, in denen Kreativit\u00e4t, soziales Bewusstsein, Kommunikation, verantwortliches p\u00e4dagogisches Handeln oder tolerante, interkulturelle F\u00e4higkeiten f\u00f6rderlich sind. Dies trifft z.B. auf P\u00e4dagogik, Lehramt, Sozialwesen, Kunst, Musik, Tanz, Gestaltung, Theater-, Film- &amp; Fernsehwissenschaften, Medientechnik, Kulturwissenschaften, Kulturp\u00e4dagogik und -management etc. zu. Aspekte all dieser Bildungsg\u00e4nge finden sich in unseren Projekten wieder.<\/p>\n<p>Im Unterschied zum herk\u00f6mmlichen Hochschulangebot zielen unsere Projekte auf die F\u00f6rderung der interdisziplin\u00e4ren Zusammenarbeit von Studierenden und studentischer Initiativen aus verschiedenen Hochschulen Deutschlands und auch des europ\u00e4ischen Auslandes ab.<\/p>\n<p>Die StudentInnen finden bei uns ein f\u00e4cher- und sparten\u00fcbergreifendes Angebot, das von den Hochschulen so nicht angeboten wird. Vergleichbare interdisziplin\u00e4re Arbeit ist an den bisher beteiligten Hochschulen aus verschiedenen Gr\u00fcnden nicht zu finden.<\/p>\n<p>Durch die beispielhafte praxisbezogene Arbeit wird Methodenkompetenz, Kritikf\u00e4higkeit und soziale Kompetenz gef\u00f6rdert, auf Situationen im sp\u00e4teren Berufsleben vorbereitet und angeleitet, auch eigene Projekte zu entwickeln &#8211; von der Planung bis zur Realisation. Es geht um einen emanzipierten und kreativen Umgang mit den unterschiedlichen Medien.<\/p>\n<p>So sollen z.B. die Medienprojekte dazu bef\u00e4higen, TV- und Filmbeitr\u00e4ge, Texte, Pr\u00e4sentationen, Zeitungsartikel kritisch analysieren zu k\u00f6nnen, sich\u00a0technisches\u00a0und gestalterisches Grundlagenwissen anzueignen und anwenden zu k\u00f6nnen. Die Entwicklung eigener Beitr\u00e4ge soll die Studierenden anleiten, auch auf andere Situationen eine \u00fcbertragbare, sichere Einsch\u00e4tzung im Umgang mit der allt\u00e4glichen Informationsflut zu erhalten.<\/p>\n<p>Die K\u00fcnste und Medien werden als interkulturelles Ausdrucksmittel erfahren, die \u00fcber sprachliche und nationale Grenzen hinaus neue Erlebnishorizonte erschlie\u00dfen k\u00f6nnen &#8211; sowohl in der Durchf\u00fchrungsphase der beteiligten StudentInnen, als auch der Rezipienten der dabei erstellten Ergebnisse. Die Studierenden sollen dabei bef\u00e4higt werden, als sp\u00e4tere Multiplikatoren im Rahmen von p\u00e4dagogischen und kreativen T\u00e4tigkeiten die Arbeit mit den Medien und in Auseinandersetzung mit den Themen die Medien nicht als rein technisches Problem meistern zu k\u00f6nnen, sondern eigene und fremde Beispiele auf gesellschaftlich relevante und ethisch verantwortbare Formen und Inhalte \u00fcberpr\u00fcfen zu k\u00f6nnen. Erfahrungsaustausch und interdisziplin\u00e4re Konzeptentwicklung sowie das Training von Kommunikations- und Teamf\u00e4higkeit sind grundlegende Bestandteile der Projekte.[\/fusion_text][\/two_third][one_third last=&#8220;yes&#8220; spacing=&#8220;yes&#8220; center_content=&#8220;no&#8220; hide_on_mobile=&#8220;no&#8220; background_color=&#8220;&#8220; background_image=&#8220;&#8220; background_repeat=&#8220;no-repeat&#8220; background_position=&#8220;left top&#8220; border_position=&#8220;all&#8220; border_size=&#8220;0px&#8220; border_color=&#8220;&#8220; border_style=&#8220;&#8220; padding=&#8220;&#8220; margin_top=&#8220;&#8220; margin_bottom=&#8220;&#8220; animation_type=&#8220;&#8220; animation_direction=&#8220;&#8220; animation_speed=&#8220;0.1&#8243; class=&#8220;&#8220; id=&#8220;&#8220;][fusion_text]<a href=\"http:\/\/prokulturgut.net\/bildung\/anmeldung-beratung\/\">ANMELDUNG &amp; BERATUNG<\/a><\/p>\n<h2 class=\"csc-firstHeader\">Wichtige Links:<\/h2>\n<p><a href=\"http:\/\/www.europass-info.de\/\" target=\"_blank\" rel=\"noopener noreferrer\">Europass Info<br \/>\n<\/a><a href=\"http:\/\/www.bmbf.de\" target=\"_blank\" rel=\"noopener noreferrer\">Bundesministeriums f\u00fcr Bildung und Forschung<br \/>\n<\/a><a href=\"http:\/\/www.na-bibb.de\" target=\"_blank\" rel=\"noopener noreferrer\">Nationale Agentur Bildung f\u00fcr Europa<br \/>\n<\/a><a href=\"http:\/\/www.jugendfuereuropa.de\" target=\"_blank\" rel=\"noopener noreferrer\">Jugend f\u00fcr Europa<br \/>\n<\/a><a href=\"https:\/\/www.daad.de\/de\/\" target=\"_blank\" rel=\"noopener noreferrer\">DAAD<\/a><br \/>\n<a href=\"http:\/\/ec.europa.eu\/dgs\/education_culture\/index_en.htm\" target=\"_blank\" rel=\"noopener noreferrer\">EU Education and Culture<\/a><br \/>\n<a href=\"http:\/\/www.unesco.de\/home.html\" target=\"_blank\" rel=\"noopener noreferrer\">UNESCO<\/a><br \/>\n<a href=\"http:\/\/www.eurozine.com\/\" target=\"_blank\" rel=\"noopener noreferrer\">Eurozine<\/a><br \/>\n<a href=\"http:\/\/www.bpb.de\" target=\"_blank\" rel=\"noopener noreferrer\">Bundeszentrale f\u00fcr politische Bildung<br \/>\n<\/a><a href=\"http:\/\/www.ruhr-uni-bochum.de\/zfa\/sgl\/tandem\/\" target=\"_blank\" rel=\"noopener noreferrer\">Uni Bochum Tandem<br \/>\n<\/a><a href=\"http:\/\/www.online-educa.com\/OEB_Newsportal\/elearningeuropa-info-relaunched\/\" target=\"_blank\" rel=\"noopener noreferrer\">eLearning Europa<\/a>[\/fusion_text][\/one_third]<\/p>\n","protected":false},"excerpt":{"rendered":"<p>[one_full last=&#8220;yes&#8220; spacing=&#8220;yes&#8220; center_content=&#8220;no&#8220; hide_on_mobile=&#8220;no&#8220; background_color=&#8220;&#8220; background_image=&#8220;&#8220; background_repeat=&#8220;no-repeat&#8220; background_position=&#8220;left top&#8220; border_position=&#8220;all&#8220; border_size=&#8220;0px&#8220; border_color=&#8220;&#8220; border_style=&#8220;&#8220; padding=&#8220;&#8220; margin_top=&#8220;&#8220; margin_bottom=&#8220;&#8220; animation_type=&#8220;&#8220; animation_direction=&#8220;&#8220; animation_speed=&#8220;0.1&#8243; class=&#8220;&#8220; id=&#8220;&#8220;][fusion_text] STUDENTISCHE PROJEKTE [\/fusion_text][\/one_full][two_third last=&#8220;no&#8220; spacing=&#8220;yes&#8220; center_content=&#8220;no&#8220; hide_on_mobile=&#8220;no&#8220; background_color=&#8220;&#8220; background_image=&#8220;&#8220; background_repeat=&#8220;no-repeat&#8220; background_position=&#8220;left top&#8220; border_position=&#8220;all&#8220; border_size=&#8220;0px&#8220; border_color=&#8220;&#8220; border_style=&#8220;&#8220; padding=&#8220;&#8220; margin_top=&#8220;&#8220; margin_bottom=&#8220;&#8220; animation_type=&#8220;&#8220; animation_direction=&#8220;&#8220; animation_speed=&#8220;0.1&#8243; class=&#8220;&#8220; id=&#8220;&#8220;][fusion_text]Der Umgang mit verschiedenen Medien geh\u00f6rt heute zum allt\u00e4glichen Leben [&hellip;]<\/p>\n","protected":false},"author":1,"featured_media":0,"parent":24,"menu_order":0,"comment_status":"closed","ping_status":"closed","template":"","meta":[],"yoast_head":"<!-- This site is optimized with the Yoast SEO plugin v20.11 - https:\/\/yoast.com\/wordpress\/plugins\/seo\/ -->\n<title>Studentische Projekte - Akademie der Kulturen NRW<\/title>\n<meta name=\"description\" content=\"Die vermittelten theoretischen und praktischen Inhalte und Techniken unserer studentischen Projekte haben einen direkten Praxis- und Forschungsbezug zu den Studieng\u00e4ngen der TeilnehmerInnen und dienen der Vorbereitung auf den Berufseinstieg.\" \/>\n<meta name=\"robots\" content=\"index, follow, max-snippet:-1, max-image-preview:large, max-video-preview:-1\" \/>\n<link rel=\"canonical\" href=\"https:\/\/prokulturgut.net\/akademiederkulturen\/programm\/studentische-projekte\/\" \/>\n<meta property=\"og:locale\" content=\"de_DE\" \/>\n<meta property=\"og:type\" content=\"article\" \/>\n<meta property=\"og:title\" content=\"Studentische Projekte - Akademie der Kulturen NRW\" \/>\n<meta property=\"og:description\" content=\"Die vermittelten theoretischen und praktischen Inhalte und Techniken unserer studentischen Projekte haben einen direkten Praxis- und Forschungsbezug zu den Studieng\u00e4ngen der TeilnehmerInnen und dienen der Vorbereitung auf den Berufseinstieg.\" \/>\n<meta property=\"og:url\" content=\"https:\/\/prokulturgut.net\/akademiederkulturen\/programm\/studentische-projekte\/\" \/>\n<meta property=\"og:site_name\" content=\"Akademie der Kulturen NRW\" \/>\n<meta property=\"article:modified_time\" content=\"2020-02-19T14:03:34+00:00\" \/>\n<meta property=\"og:image\" content=\"http:\/\/prokulturgut.net\/wp-content\/uploads\/2015\/11\/bm_bildung-forschung.jpg\" \/>\n<meta name=\"twitter:card\" content=\"summary_large_image\" \/>\n<meta name=\"twitter:label1\" content=\"Gesch\u00e4tzte Lesezeit\" \/>\n\t<meta name=\"twitter:data1\" content=\"4 Minuten\" \/>\n<script type=\"application\/ld+json\" class=\"yoast-schema-graph\">{\"@context\":\"https:\/\/schema.org\",\"@graph\":[{\"@type\":\"WebPage\",\"@id\":\"https:\/\/prokulturgut.net\/akademiederkulturen\/programm\/studentische-projekte\/\",\"url\":\"https:\/\/prokulturgut.net\/akademiederkulturen\/programm\/studentische-projekte\/\",\"name\":\"Studentische Projekte - Akademie der Kulturen NRW\",\"isPartOf\":{\"@id\":\"https:\/\/prokulturgut.net\/akademiederkulturen\/#website\"},\"datePublished\":\"2015-09-08T08:26:56+00:00\",\"dateModified\":\"2020-02-19T14:03:34+00:00\",\"description\":\"Die vermittelten theoretischen und praktischen Inhalte und Techniken unserer studentischen Projekte haben einen direkten Praxis- und Forschungsbezug zu den Studieng\u00e4ngen der TeilnehmerInnen und dienen der Vorbereitung auf den Berufseinstieg.\",\"breadcrumb\":{\"@id\":\"https:\/\/prokulturgut.net\/akademiederkulturen\/programm\/studentische-projekte\/#breadcrumb\"},\"inLanguage\":\"de-DE\",\"potentialAction\":[{\"@type\":\"ReadAction\",\"target\":[\"https:\/\/prokulturgut.net\/akademiederkulturen\/programm\/studentische-projekte\/\"]}]},{\"@type\":\"BreadcrumbList\",\"@id\":\"https:\/\/prokulturgut.net\/akademiederkulturen\/programm\/studentische-projekte\/#breadcrumb\",\"itemListElement\":[{\"@type\":\"ListItem\",\"position\":1,\"name\":\"Home\",\"item\":\"https:\/\/prokulturgut.net\/akademiederkulturen\/\"},{\"@type\":\"ListItem\",\"position\":2,\"name\":\"Programm\",\"item\":\"https:\/\/prokulturgut.net\/akademiederkulturen\/programm\/\"},{\"@type\":\"ListItem\",\"position\":3,\"name\":\"Studentische Projekte\"}]},{\"@type\":\"WebSite\",\"@id\":\"https:\/\/prokulturgut.net\/akademiederkulturen\/#website\",\"url\":\"https:\/\/prokulturgut.net\/akademiederkulturen\/\",\"name\":\"Akademie der Kulturen NRW\",\"description\":\"\",\"publisher\":{\"@id\":\"https:\/\/prokulturgut.net\/akademiederkulturen\/#organization\"},\"potentialAction\":[{\"@type\":\"SearchAction\",\"target\":{\"@type\":\"EntryPoint\",\"urlTemplate\":\"https:\/\/prokulturgut.net\/akademiederkulturen\/?s={search_term_string}\"},\"query-input\":\"required name=search_term_string\"}],\"inLanguage\":\"de-DE\"},{\"@type\":\"Organization\",\"@id\":\"https:\/\/prokulturgut.net\/akademiederkulturen\/#organization\",\"name\":\"Akademie der Kulturen NRW\",\"url\":\"https:\/\/prokulturgut.net\/akademiederkulturen\/\",\"logo\":{\"@type\":\"ImageObject\",\"inLanguage\":\"de-DE\",\"@id\":\"https:\/\/prokulturgut.net\/akademiederkulturen\/#\/schema\/logo\/image\/\",\"url\":\"https:\/\/prokulturgut.net\/akademiederkulturen\/wp-content\/uploads\/sites\/5\/2023\/12\/cropped-Logo_Farbe.png\",\"contentUrl\":\"https:\/\/prokulturgut.net\/akademiederkulturen\/wp-content\/uploads\/sites\/5\/2023\/12\/cropped-Logo_Farbe.png\",\"width\":412,\"height\":118,\"caption\":\"Akademie der Kulturen NRW\"},\"image\":{\"@id\":\"https:\/\/prokulturgut.net\/akademiederkulturen\/#\/schema\/logo\/image\/\"}}]}<\/script>\n<!-- \/ Yoast SEO plugin. -->","yoast_head_json":{"title":"Studentische Projekte - Akademie der Kulturen NRW","description":"Die vermittelten theoretischen und praktischen Inhalte und Techniken unserer studentischen Projekte haben einen direkten Praxis- und Forschungsbezug zu den Studieng\u00e4ngen der TeilnehmerInnen und dienen der Vorbereitung auf den Berufseinstieg.","robots":{"index":"index","follow":"follow","max-snippet":"max-snippet:-1","max-image-preview":"max-image-preview:large","max-video-preview":"max-video-preview:-1"},"canonical":"https:\/\/prokulturgut.net\/akademiederkulturen\/programm\/studentische-projekte\/","og_locale":"de_DE","og_type":"article","og_title":"Studentische Projekte - Akademie der Kulturen NRW","og_description":"Die vermittelten theoretischen und praktischen Inhalte und Techniken unserer studentischen Projekte haben einen direkten Praxis- und Forschungsbezug zu den Studieng\u00e4ngen der TeilnehmerInnen und dienen der Vorbereitung auf den Berufseinstieg.","og_url":"https:\/\/prokulturgut.net\/akademiederkulturen\/programm\/studentische-projekte\/","og_site_name":"Akademie der Kulturen NRW","article_modified_time":"2020-02-19T14:03:34+00:00","og_image":[{"url":"http:\/\/prokulturgut.net\/wp-content\/uploads\/2015\/11\/bm_bildung-forschung.jpg"}],"twitter_card":"summary_large_image","twitter_misc":{"Gesch\u00e4tzte Lesezeit":"4 Minuten"},"schema":{"@context":"https:\/\/schema.org","@graph":[{"@type":"WebPage","@id":"https:\/\/prokulturgut.net\/akademiederkulturen\/programm\/studentische-projekte\/","url":"https:\/\/prokulturgut.net\/akademiederkulturen\/programm\/studentische-projekte\/","name":"Studentische Projekte - Akademie der Kulturen NRW","isPartOf":{"@id":"https:\/\/prokulturgut.net\/akademiederkulturen\/#website"},"datePublished":"2015-09-08T08:26:56+00:00","dateModified":"2020-02-19T14:03:34+00:00","description":"Die vermittelten theoretischen und praktischen Inhalte und Techniken unserer studentischen Projekte haben einen direkten Praxis- und Forschungsbezug zu den Studieng\u00e4ngen der TeilnehmerInnen und dienen der Vorbereitung auf den Berufseinstieg.","breadcrumb":{"@id":"https:\/\/prokulturgut.net\/akademiederkulturen\/programm\/studentische-projekte\/#breadcrumb"},"inLanguage":"de-DE","potentialAction":[{"@type":"ReadAction","target":["https:\/\/prokulturgut.net\/akademiederkulturen\/programm\/studentische-projekte\/"]}]},{"@type":"BreadcrumbList","@id":"https:\/\/prokulturgut.net\/akademiederkulturen\/programm\/studentische-projekte\/#breadcrumb","itemListElement":[{"@type":"ListItem","position":1,"name":"Home","item":"https:\/\/prokulturgut.net\/akademiederkulturen\/"},{"@type":"ListItem","position":2,"name":"Programm","item":"https:\/\/prokulturgut.net\/akademiederkulturen\/programm\/"},{"@type":"ListItem","position":3,"name":"Studentische Projekte"}]},{"@type":"WebSite","@id":"https:\/\/prokulturgut.net\/akademiederkulturen\/#website","url":"https:\/\/prokulturgut.net\/akademiederkulturen\/","name":"Akademie der Kulturen NRW","description":"","publisher":{"@id":"https:\/\/prokulturgut.net\/akademiederkulturen\/#organization"},"potentialAction":[{"@type":"SearchAction","target":{"@type":"EntryPoint","urlTemplate":"https:\/\/prokulturgut.net\/akademiederkulturen\/?s={search_term_string}"},"query-input":"required name=search_term_string"}],"inLanguage":"de-DE"},{"@type":"Organization","@id":"https:\/\/prokulturgut.net\/akademiederkulturen\/#organization","name":"Akademie der Kulturen NRW","url":"https:\/\/prokulturgut.net\/akademiederkulturen\/","logo":{"@type":"ImageObject","inLanguage":"de-DE","@id":"https:\/\/prokulturgut.net\/akademiederkulturen\/#\/schema\/logo\/image\/","url":"https:\/\/prokulturgut.net\/akademiederkulturen\/wp-content\/uploads\/sites\/5\/2023\/12\/cropped-Logo_Farbe.png","contentUrl":"https:\/\/prokulturgut.net\/akademiederkulturen\/wp-content\/uploads\/sites\/5\/2023\/12\/cropped-Logo_Farbe.png","width":412,"height":118,"caption":"Akademie der Kulturen NRW"},"image":{"@id":"https:\/\/prokulturgut.net\/akademiederkulturen\/#\/schema\/logo\/image\/"}}]}},"_links":{"self":[{"href":"https:\/\/prokulturgut.net\/akademiederkulturen\/wp-json\/wp\/v2\/pages\/12583"}],"collection":[{"href":"https:\/\/prokulturgut.net\/akademiederkulturen\/wp-json\/wp\/v2\/pages"}],"about":[{"href":"https:\/\/prokulturgut.net\/akademiederkulturen\/wp-json\/wp\/v2\/types\/page"}],"author":[{"embeddable":true,"href":"https:\/\/prokulturgut.net\/akademiederkulturen\/wp-json\/wp\/v2\/users\/1"}],"replies":[{"embeddable":true,"href":"https:\/\/prokulturgut.net\/akademiederkulturen\/wp-json\/wp\/v2\/comments?post=12583"}],"version-history":[{"count":6,"href":"https:\/\/prokulturgut.net\/akademiederkulturen\/wp-json\/wp\/v2\/pages\/12583\/revisions"}],"predecessor-version":[{"id":22626,"href":"https:\/\/prokulturgut.net\/akademiederkulturen\/wp-json\/wp\/v2\/pages\/12583\/revisions\/22626"}],"up":[{"embeddable":true,"href":"https:\/\/prokulturgut.net\/akademiederkulturen\/wp-json\/wp\/v2\/pages\/24"}],"wp:attachment":[{"href":"https:\/\/prokulturgut.net\/akademiederkulturen\/wp-json\/wp\/v2\/media?parent=12583"}],"curies":[{"name":"wp","href":"https:\/\/api.w.org\/{rel}","templated":true}]}}