{"id":22491,"date":"2020-02-04T14:23:19","date_gmt":"2020-02-04T13:23:19","guid":{"rendered":"https:\/\/akademiederkulturen.de\/?page_id=22491"},"modified":"2020-12-21T18:07:39","modified_gmt":"2020-12-21T17:07:39","slug":"esf-kurse-in-spanien","status":"publish","type":"page","link":"https:\/\/prokulturgut.net\/akademiederkulturen\/esf-kurse-in-spanien\/","title":{"rendered":"ESF Kurse in Spanien"},"content":{"rendered":"<p>[two_third last=&#8220;no&#8220; spacing=&#8220;yes&#8220; center_content=&#8220;yes&#8220; hide_on_mobile=&#8220;no&#8220; background_color=&#8220;&#8220; background_image=&#8220;&#8220; background_repeat=&#8220;no-repeat&#8220; background_position=&#8220;left top&#8220; border_position=&#8220;all&#8220; border_size=&#8220;0px&#8220; border_color=&#8220;&#8220; border_style=&#8220;solid&#8220; padding=&#8220;&#8220; margin_top=&#8220;&#8220; margin_bottom=&#8220;&#8220; animation_type=&#8220;0&#8243; animation_direction=&#8220;down&#8220; animation_speed=&#8220;0.1&#8243; class=&#8220;&#8220; id=&#8220;&#8220;][separator style_type=&#8220;none&#8220; top_margin=&#8220;&#8220; bottom_margin=&#8220;&#8220; sep_color=&#8220;&#8220; border_size=&#8220;&#8220; icon=&#8220;&#8220; icon_circle=&#8220;&#8220; icon_circle_color=&#8220;&#8220; width=&#8220;&#8220; alignment=&#8220;&#8220; class=&#8220;&#8220; id=&#8220;&#8220;][fusion_text]<\/p>\n<div class=\"column\">\n<p><img fetchpriority=\"high\" decoding=\"async\" class=\"size-full wp-image-21951 aligncenter\" src=\"https:\/\/prokulturgut.net\/akademiederkulturen\/wp-content\/uploads\/sites\/5\/2018\/12\/eu_esf-nrw_mags_fh_4c-logo.png\" alt=\"Europ\u00e4ischer Sozialfonds in Nordrhein-Westfalen\" width=\"3279\" height=\"520\" srcset=\"https:\/\/prokulturgut.net\/akademiederkulturen\/wp-content\/uploads\/sites\/5\/2018\/12\/eu_esf-nrw_mags_fh_4c-logo.png 3279w, https:\/\/prokulturgut.net\/akademiederkulturen\/wp-content\/uploads\/sites\/5\/2018\/12\/eu_esf-nrw_mags_fh_4c-logo-300x48.png 300w, https:\/\/prokulturgut.net\/akademiederkulturen\/wp-content\/uploads\/sites\/5\/2018\/12\/eu_esf-nrw_mags_fh_4c-logo-768x122.png 768w, https:\/\/prokulturgut.net\/akademiederkulturen\/wp-content\/uploads\/sites\/5\/2018\/12\/eu_esf-nrw_mags_fh_4c-logo-1024x162.png 1024w\" sizes=\"(max-width: 3279px) 100vw, 3279px\" \/><\/p>\n<p>&nbsp;<\/p>\n<p>Liebe Menschen, die ihr trotz oder auch wegen der aktuellen globalen Herausforderungen den Willen aufbringt, f\u00fcr positive Entwicklung aktiv zu werden &#8211; f\u00fcr Euch selbst und alle.<br \/>\nEs gibt hoffentlich bald gr\u00fcnes Licht f\u00fcr neue Lebens- und Erwerbswelt bezogene Seminare, die mit Unterst\u00fctzung des Landes NRW und des Europ\u00e4ischen Sozialfonds in NRW und Spanien \/ Andalusien stattfinden sollen.<\/p>\n<p>Wir freuen uns auf hoch motivierte Teilnehmende in Kooperation mit dem Projekt MonteAlegre.eu und laden Dich herzlich ein, schon jetzt Dein Interesse zu bekunden &#8211; wir wissen zwar noch nicht, wann es beginnen kann, aber die Pl\u00e4tze sind begrenzt und wenn Du vorgemerkt bist, hast Du die besten Chancen mitzumachen.<\/p>\n<p>NEUE GANZHEITLICHE FORMATION: PERMAKULTUR \/ PROJEKTLEITUNG \/ MEDIEN<\/p>\n<p>In Vi\u00f1uela und Alcaucin, Malaga \u2013 MonteAlegre.eu \u2013 mit der Akademie der Kulturen NRW sollen 3 verschiedene, kostenlose, 6-monatige ESF Seminare stattfinden:<\/p>\n<p>GEMEINSAM ZUKUNFT GESTALTEN<br \/>\nProjektassistenz mit EU Zertifikat \u2013<br \/>\nPraxis-Lernprojekte \u2013 Alter spielt keine Rolle<br \/>\nMotivation, Selbstst\u00e4ndigkeit und Teamf\u00e4higkeit sind Voraussetzung:<\/p>\n<p>Wir freuen uns auf neue Bildungsprojekte im Projekt Monte Alegre und laden herzlich ein!<\/p>\n<p>&nbsp;<\/p>\n<p><strong>GEMEINSAM ZUKUNFT GESTALTEN &#8211; Projektassistenz mit Zertifikat einer europ\u00e4ischen ESF Grundausbildung!<\/strong><\/p>\n<p>Euch erwarten spannende Praxis- und Lernprojekte. Das Alter spielt dabei keine Rolle: Alles was man ben\u00f6tigt ist Motivation, Selbstst\u00e4ndigkeit und Teamf\u00e4higkeit! Dabei k\u00f6nnen folgende Schwerpunkte gesetzt werden&#8230;<\/p>\n<p><strong>Projektmanagement<\/strong><\/p>\n<p>Umfasst internationale Kultur-, Medien-, Bildungs- und \u00d6kologie- Projekte: Organisation, Management und Fundraising, Marketing, PR, etc.<\/p>\n<p><strong>Nachhaltig \u00f6kologisches Permakultur-Design<\/strong><\/p>\n<p>Umfasst: Wasser-Retention, Food-Forest, Eco-Anbau und Ernte, Eco-Bau, Kompost-Verfahren, Erneuerbare Energien, etc.<\/p>\n<p><strong>Medien-Assistenz &#8211; Online &amp; Social Media in der EU<\/strong><\/p>\n<p>Umfasst: Webdesign, Mediengestaltung (Radio, Foto und Video), Online Redaktion, etc.<\/p>\n<\/div>\n<p>&nbsp;<\/p>\n<div class=\"column\">\n<p>Zum Auftakt startet die erste Woche in Deutschland (im BOLA, Bochum) und danach geht es schon f\u00fcr ein halbes Jahr lang ins warmsonnige spanische Bergland. W\u00e4hrend der Ausbildungszeit beraten wir Euch gerne, wie es danach weiter gehen kann.<\/p>\n<p>&nbsp;<\/p>\n<p>&nbsp;<\/p>\n<\/div>\n<div class=\"column\">\n<p><strong>PROGRAMM der Gruppe PROJEKTASSISTENZ:<\/strong><\/p>\n<ul>\n<li>In der Gruppe Projektassistenz f\u00fcr Bildung, Kultur und \u00d6kologie trainieren wir unsere Kompetenzen in der Umsetzung von Projekten. Dazu z\u00e4hlen: Achtsame Kommunikation, Umgang mit Menschen, Hand-Werkzeugen und Medien, Technik, Office- und Organisationssoftware, Konzeptentwicklung, Planung, Projektmanagement, Arbeiten im Team, angewandte \u00f6kologische Technologien, Begegnungen mit spanischen Organisationen, \u00d6ffentlichkeitsarbeit.<\/li>\n<li>So werden wir im gemeinsamen \u201elearning by doing\u201c Projekte planen und realisieren. Beispielhaft: Angebote f\u00fcr Einwohner und Touristen in der Region, Lern-\/Spielraum f\u00fcr Kinder und Jugendliche, Seminare f\u00fcr Erwachsene, Umwelt- &amp; Permakultur-Workshops, Yoga und Kulturveranstaltungen, Konzerte, Info-Veranstaltungen, Pr\u00e4sentationen u.v.m.<\/li>\n<li>Wir erarbeiten uns gemeinsam und selbstst\u00e4ndig relevantes Wissen und entwickeln nachhaltige Kompetenzen. Unter anderem: Manuelle, technische und digitale Anwendungen (f\u00fcr Office, Organisation, Management, Mindmapping), Teamf\u00e4higkeit, kreatives Denken, Ideenentwicklung und Umsetzung, die F\u00e4higkeit Aufgaben zu l\u00f6sen und das Selbstbewusstsein durch Erfolge zu st\u00e4rken.<\/li>\n<\/ul>\n<\/div>\n<div class=\"column\">\n<p>&nbsp;<\/p>\n<p><strong>PROGRAMM der Gruppe PERMAKULTUR DESIGN<\/strong><\/p>\n<ul>\n<li>Inhaltlicher Schwerpunkt ist das Erlernen grundlegender Kompetenzen f\u00fcr die Umsetzung von nachhaltigen Permakultur-Projekten. Inhalte: Umgang mit Officesoftware, Sprach- und Kommunikationstraining, Konzeptentwicklung, Planung, Arbeiten im Team, \u00d6ffentlichkeitsarbeit. Dabei werden digitale Kompetenzen besonders ber\u00fccksichtigt.<\/li>\n<li>Teilnehmer entwickeln ein Grundlagenverst\u00e4ndins von Permakultur. Dies ist eine ethische und holistische Design-Wissenschaft und ganzheitliche Methode des synergetischen Zusammenlebens von \u00d6kosystemen (Mensch und Natur), welche insbesondere zur Anwendung moderner Zukunftstechnologien im l\u00e4ndlichen Bereich f\u00fchrt.<\/li>\n<li>Zu den praktischen Lerninhalten geh\u00f6ren: Technisches Handwerkszeug und der Medienumgang (Fotografie, Video), die Sammlung und Auswertung klimatischer und \u00f6kologischer Daten, Wasserwirtschaft und Wasserretentionsverfahren, Anlage permakultureller G\u00e4rten mit biologischen (Mikro-\/Organismen) und pflanzenkundlichen Aspekten, \u00f6kologische und passive Bauten, Umgang mit Google Earth sowie Einblicke in die Energiegewinnung (Solar, Wind, Erdw\u00e4rme &amp; \u00d6konomie) bei nachhaltigen Projekten.<\/li>\n<\/ul>\n<p>&nbsp;<\/p>\n<p><strong>PROGRAMM der Gruppe MEDIENASSISTENZ<\/strong><\/p>\n<ul>\n<li>\u00a0Inhaltlicher Schwerpunkt ist insbesondere die Entwicklung und St\u00e4rkung von Kompetenzen im Einsatz digitaler Medien, f\u00fcr Kommunikation, PR, \u00d6ffentlichkeitsarbeit.<\/li>\n<li>Dies beinhaltet das Erlernen des Umgangs mit entsprechenden professionellen digitalen Anwendungen, z.B. Internetanwendungen, CMS WordPress, Social-Media-Marketing, Projektmanagement-Tools, Officesoftware.<\/li>\n<li>Sprach- und Kommunikationstraining, Ideen- und Konzeptentwicklung, Planung, und Umsetzung, Arbeiten im Team, grundlegende Einf\u00fchrung in audiovisuelle Medienarbeit \u2013 Fotografie, Video, Audio, Radioarbeit, mediale und mehrsprachliche \u00d6ffentlichkeitsarbeit.<\/li>\n<\/ul>\n<div class=\"column\">\n<p>&nbsp;<\/p>\n<p><strong>Organisatorisches:<\/strong><\/p>\n<\/div>\n<div class=\"column\">\n<ul>\n<li>Projekt-Seminarzeit: 2&#215;3 Std\/Tag, dazwischen Siesta &#8211; Seminar und Handlungsr\u00e4ume indoor und outdoor<\/li>\n<li>optional gemeinsame Mahlzeiten und Freizeitgestaltung<\/li>\n<li>gemeinsam organisiertes Einkaufen<\/li>\n<li>Kochen und Essen in der Siesta (ca. 2 Stunden)<\/li>\n<li>Unterkunft in Zelten, Wohnwagen oder Wohnr\u00e4umen in der Nachbarschaft<\/li>\n<li>Kommunikation in Deutsch und Englisch mit Sprachtraining in Spanisch verbindet uns mit der interkulturellen Mitwelt in Andalusien.<\/li>\n<li>Im Projektalltag und in der Freizeit gibt es meditative, sinnliche und kreative Elemente f\u00fcr die Balance von K\u00f6rper und Geist, zwischen Aktivit\u00e4t, Entspannung und Reflexion. M\u00f6gliche Erfahrungsfelder: Entspannungstechniken, Klangmassage, Yoga, Bewegung, Meditation, Kreatives und Musik machen, Kino, Wandern, Exkursionen zur K\u00fcste, St\u00e4dte und Naturparks, gemeinsames Kochen&#8230;<\/li>\n<\/ul>\n<p>&nbsp;<\/p>\n<p>Die Dozent*Innen verstehen sich als Anreger und Begleiter der Prozesse, koordinieren, vertiefen, erweitern die Kenntnisse praxisrelevant und helfen bei auftretenden Schwierigkeiten und Herausforderungen, L\u00f6sungen zu finden. Die Grundbildungen werden mit finanzieller Unterst\u00fctzung des Landes Nordrhein-Westfalen und des Europ\u00e4ischen Sozialfonds durchgef\u00fchrt. Sie werden mit einem EU Zertifikat abgeschlossen, das die erfolgreiche Teilnahme und die erworbenen Kompetenzen f\u00fcr anschlie\u00dfende Bewerbungen bescheinigt. Anerkennungen als Praktika sind auch m\u00f6glich.<\/p>\n<\/div>\n<\/div>\n<div class=\"column\">\n<p>&nbsp;<\/p>\n<p><strong>Haben wir Dein Interesse geweckt?<\/strong> Falls Du (oder ein*e Freund*in) Lust hast mitzumachen kannst Du dich jederzeit bei Uns informieren. Tipp: Bitte schnellstm\u00f6glich melden, denn die Teilnehmerzahl ist begrenzt!\u00a0Wir freuen uns auf engagierte Mitgestalter der Projekte.<\/p>\n<p><strong>Weitere Information, Beratung und Absprachen mit Reinhard Kreckel. Telefon: 0049 151 41479643 (gerne auch \u00fcber den Telegram-Messenger oder \u00fcber Signal).<\/strong><\/p>\n<p><strong>oder: Info und Anmeldung:<\/strong> <a href=\"mailto:ESF-Spanien@prokulturgut.net\" target=\"_blank\" rel=\"noopener noreferrer\">ESF-Spanien@prokulturgut.net<\/a><\/p>\n<p>Ganz liebe Gr\u00fc\u00dfe und die besten W\u00fcnsche f\u00fcr eine gl\u00fcckliche, gesunde, kreative und erfolgreiche neue Lebensdekade.<\/p>\n<\/div>\n<p>[\/fusion_text][\/two_third][one_third last=&#8220;yes&#8220; spacing=&#8220;yes&#8220; center_content=&#8220;no&#8220; hide_on_mobile=&#8220;no&#8220; background_color=&#8220;&#8220; background_image=&#8220;&#8220; background_repeat=&#8220;no-repeat&#8220; background_position=&#8220;left top&#8220; border_position=&#8220;all&#8220; border_size=&#8220;0px&#8220; border_color=&#8220;&#8220; border_style=&#8220;solid&#8220; padding=&#8220;&#8220; margin_top=&#8220;&#8220; margin_bottom=&#8220;&#8220; animation_type=&#8220;0&#8243; animation_direction=&#8220;down&#8220; animation_speed=&#8220;0.1&#8243; class=&#8220;&#8220; id=&#8220;&#8220;][fusion_text][\/fusion_text][\/one_third]<\/p>\n","protected":false},"excerpt":{"rendered":"<p>[two_third last=&#8220;no&#8220; spacing=&#8220;yes&#8220; center_content=&#8220;yes&#8220; hide_on_mobile=&#8220;no&#8220; background_color=&#8220;&#8220; background_image=&#8220;&#8220; background_repeat=&#8220;no-repeat&#8220; background_position=&#8220;left top&#8220; border_position=&#8220;all&#8220; border_size=&#8220;0px&#8220; border_color=&#8220;&#8220; border_style=&#8220;solid&#8220; padding=&#8220;&#8220; margin_top=&#8220;&#8220; margin_bottom=&#8220;&#8220; animation_type=&#8220;0&#8243; animation_direction=&#8220;down&#8220; animation_speed=&#8220;0.1&#8243; class=&#8220;&#8220; id=&#8220;&#8220;][separator style_type=&#8220;none&#8220; top_margin=&#8220;&#8220; bottom_margin=&#8220;&#8220; sep_color=&#8220;&#8220; border_size=&#8220;&#8220; icon=&#8220;&#8220; icon_circle=&#8220;&#8220; icon_circle_color=&#8220;&#8220; width=&#8220;&#8220; alignment=&#8220;&#8220; class=&#8220;&#8220; id=&#8220;&#8220;][fusion_text] &nbsp; Liebe Menschen, die ihr trotz oder auch wegen der aktuellen globalen Herausforderungen den Willen aufbringt, f\u00fcr positive Entwicklung aktiv zu [&hellip;]<\/p>\n","protected":false},"author":10,"featured_media":0,"parent":0,"menu_order":0,"comment_status":"closed","ping_status":"closed","template":"","meta":[],"yoast_head":"<!-- This site is optimized with the Yoast SEO plugin v20.11 - https:\/\/yoast.com\/wordpress\/plugins\/seo\/ -->\n<title>ESF Kurse in Spanien - Akademie der Kulturen NRW<\/title>\n<meta name=\"robots\" content=\"index, follow, max-snippet:-1, max-image-preview:large, max-video-preview:-1\" \/>\n<link rel=\"canonical\" href=\"https:\/\/prokulturgut.net\/akademiederkulturen\/esf-kurse-in-spanien\/\" \/>\n<meta property=\"og:locale\" content=\"de_DE\" \/>\n<meta property=\"og:type\" content=\"article\" \/>\n<meta property=\"og:title\" content=\"ESF Kurse in Spanien - Akademie der Kulturen NRW\" \/>\n<meta property=\"og:description\" content=\"[two_third last=&#8220;no&#8220; spacing=&#8220;yes&#8220; center_content=&#8220;yes&#8220; hide_on_mobile=&#8220;no&#8220; background_color=&#8220;&#8220; background_image=&#8220;&#8220; background_repeat=&#8220;no-repeat&#8220; background_position=&#8220;left top&#8220; border_position=&#8220;all&#8220; border_size=&#8220;0px&#8220; border_color=&#8220;&#8220; border_style=&#8220;solid&#8220; padding=&#8220;&#8220; margin_top=&#8220;&#8220; margin_bottom=&#8220;&#8220; animation_type=&#8220;0&#8243; animation_direction=&#8220;down&#8220; animation_speed=&#8220;0.1&#8243; class=&#8220;&#8220; id=&#8220;&#8220;][separator style_type=&#8220;none&#8220; top_margin=&#8220;&#8220; bottom_margin=&#8220;&#8220; sep_color=&#8220;&#8220; border_size=&#8220;&#8220; icon=&#8220;&#8220; icon_circle=&#8220;&#8220; icon_circle_color=&#8220;&#8220; width=&#8220;&#8220; alignment=&#8220;&#8220; class=&#8220;&#8220; id=&#8220;&#8220;][fusion_text] &nbsp; Liebe Menschen, die ihr trotz oder auch wegen der aktuellen globalen Herausforderungen den Willen aufbringt, f\u00fcr positive Entwicklung aktiv zu [&hellip;]\" \/>\n<meta property=\"og:url\" content=\"https:\/\/prokulturgut.net\/akademiederkulturen\/esf-kurse-in-spanien\/\" \/>\n<meta property=\"og:site_name\" content=\"Akademie der Kulturen NRW\" \/>\n<meta property=\"article:modified_time\" content=\"2020-12-21T17:07:39+00:00\" \/>\n<meta property=\"og:image\" content=\"https:\/\/prokulturgut.net\/akademiederkulturen\/wp-content\/uploads\/sites\/5\/2018\/12\/eu_esf-nrw_mags_fh_4c-logo.png\" \/>\n<meta name=\"twitter:card\" content=\"summary_large_image\" \/>\n<meta name=\"twitter:label1\" content=\"Gesch\u00e4tzte Lesezeit\" \/>\n\t<meta name=\"twitter:data1\" content=\"5 Minuten\" \/>\n<script type=\"application\/ld+json\" class=\"yoast-schema-graph\">{\"@context\":\"https:\/\/schema.org\",\"@graph\":[{\"@type\":\"WebPage\",\"@id\":\"https:\/\/prokulturgut.net\/akademiederkulturen\/esf-kurse-in-spanien\/\",\"url\":\"https:\/\/prokulturgut.net\/akademiederkulturen\/esf-kurse-in-spanien\/\",\"name\":\"ESF Kurse in Spanien - Akademie der Kulturen NRW\",\"isPartOf\":{\"@id\":\"https:\/\/prokulturgut.net\/akademiederkulturen\/#website\"},\"datePublished\":\"2020-02-04T13:23:19+00:00\",\"dateModified\":\"2020-12-21T17:07:39+00:00\",\"breadcrumb\":{\"@id\":\"https:\/\/prokulturgut.net\/akademiederkulturen\/esf-kurse-in-spanien\/#breadcrumb\"},\"inLanguage\":\"de-DE\",\"potentialAction\":[{\"@type\":\"ReadAction\",\"target\":[\"https:\/\/prokulturgut.net\/akademiederkulturen\/esf-kurse-in-spanien\/\"]}]},{\"@type\":\"BreadcrumbList\",\"@id\":\"https:\/\/prokulturgut.net\/akademiederkulturen\/esf-kurse-in-spanien\/#breadcrumb\",\"itemListElement\":[{\"@type\":\"ListItem\",\"position\":1,\"name\":\"Home\",\"item\":\"https:\/\/prokulturgut.net\/akademiederkulturen\/\"},{\"@type\":\"ListItem\",\"position\":2,\"name\":\"ESF Kurse in Spanien\"}]},{\"@type\":\"WebSite\",\"@id\":\"https:\/\/prokulturgut.net\/akademiederkulturen\/#website\",\"url\":\"https:\/\/prokulturgut.net\/akademiederkulturen\/\",\"name\":\"Akademie der Kulturen NRW\",\"description\":\"\",\"publisher\":{\"@id\":\"https:\/\/prokulturgut.net\/akademiederkulturen\/#organization\"},\"potentialAction\":[{\"@type\":\"SearchAction\",\"target\":{\"@type\":\"EntryPoint\",\"urlTemplate\":\"https:\/\/prokulturgut.net\/akademiederkulturen\/?s={search_term_string}\"},\"query-input\":\"required name=search_term_string\"}],\"inLanguage\":\"de-DE\"},{\"@type\":\"Organization\",\"@id\":\"https:\/\/prokulturgut.net\/akademiederkulturen\/#organization\",\"name\":\"Akademie der Kulturen NRW\",\"url\":\"https:\/\/prokulturgut.net\/akademiederkulturen\/\",\"logo\":{\"@type\":\"ImageObject\",\"inLanguage\":\"de-DE\",\"@id\":\"https:\/\/prokulturgut.net\/akademiederkulturen\/#\/schema\/logo\/image\/\",\"url\":\"https:\/\/prokulturgut.net\/akademiederkulturen\/wp-content\/uploads\/sites\/5\/2023\/12\/cropped-Logo_Farbe.png\",\"contentUrl\":\"https:\/\/prokulturgut.net\/akademiederkulturen\/wp-content\/uploads\/sites\/5\/2023\/12\/cropped-Logo_Farbe.png\",\"width\":412,\"height\":118,\"caption\":\"Akademie der Kulturen NRW\"},\"image\":{\"@id\":\"https:\/\/prokulturgut.net\/akademiederkulturen\/#\/schema\/logo\/image\/\"}}]}<\/script>\n<!-- \/ Yoast SEO plugin. -->","yoast_head_json":{"title":"ESF Kurse in Spanien - Akademie der Kulturen NRW","robots":{"index":"index","follow":"follow","max-snippet":"max-snippet:-1","max-image-preview":"max-image-preview:large","max-video-preview":"max-video-preview:-1"},"canonical":"https:\/\/prokulturgut.net\/akademiederkulturen\/esf-kurse-in-spanien\/","og_locale":"de_DE","og_type":"article","og_title":"ESF Kurse in Spanien - Akademie der Kulturen NRW","og_description":"[two_third last=&#8220;no&#8220; spacing=&#8220;yes&#8220; center_content=&#8220;yes&#8220; hide_on_mobile=&#8220;no&#8220; background_color=&#8220;&#8220; background_image=&#8220;&#8220; background_repeat=&#8220;no-repeat&#8220; background_position=&#8220;left top&#8220; border_position=&#8220;all&#8220; border_size=&#8220;0px&#8220; border_color=&#8220;&#8220; border_style=&#8220;solid&#8220; padding=&#8220;&#8220; margin_top=&#8220;&#8220; margin_bottom=&#8220;&#8220; animation_type=&#8220;0&#8243; animation_direction=&#8220;down&#8220; animation_speed=&#8220;0.1&#8243; class=&#8220;&#8220; id=&#8220;&#8220;][separator style_type=&#8220;none&#8220; top_margin=&#8220;&#8220; bottom_margin=&#8220;&#8220; sep_color=&#8220;&#8220; border_size=&#8220;&#8220; icon=&#8220;&#8220; icon_circle=&#8220;&#8220; icon_circle_color=&#8220;&#8220; width=&#8220;&#8220; alignment=&#8220;&#8220; class=&#8220;&#8220; id=&#8220;&#8220;][fusion_text] &nbsp; Liebe Menschen, die ihr trotz oder auch wegen der aktuellen globalen Herausforderungen den Willen aufbringt, f\u00fcr positive Entwicklung aktiv zu [&hellip;]","og_url":"https:\/\/prokulturgut.net\/akademiederkulturen\/esf-kurse-in-spanien\/","og_site_name":"Akademie der Kulturen NRW","article_modified_time":"2020-12-21T17:07:39+00:00","og_image":[{"url":"https:\/\/prokulturgut.net\/akademiederkulturen\/wp-content\/uploads\/sites\/5\/2018\/12\/eu_esf-nrw_mags_fh_4c-logo.png"}],"twitter_card":"summary_large_image","twitter_misc":{"Gesch\u00e4tzte Lesezeit":"5 Minuten"},"schema":{"@context":"https:\/\/schema.org","@graph":[{"@type":"WebPage","@id":"https:\/\/prokulturgut.net\/akademiederkulturen\/esf-kurse-in-spanien\/","url":"https:\/\/prokulturgut.net\/akademiederkulturen\/esf-kurse-in-spanien\/","name":"ESF Kurse in Spanien - Akademie der Kulturen NRW","isPartOf":{"@id":"https:\/\/prokulturgut.net\/akademiederkulturen\/#website"},"datePublished":"2020-02-04T13:23:19+00:00","dateModified":"2020-12-21T17:07:39+00:00","breadcrumb":{"@id":"https:\/\/prokulturgut.net\/akademiederkulturen\/esf-kurse-in-spanien\/#breadcrumb"},"inLanguage":"de-DE","potentialAction":[{"@type":"ReadAction","target":["https:\/\/prokulturgut.net\/akademiederkulturen\/esf-kurse-in-spanien\/"]}]},{"@type":"BreadcrumbList","@id":"https:\/\/prokulturgut.net\/akademiederkulturen\/esf-kurse-in-spanien\/#breadcrumb","itemListElement":[{"@type":"ListItem","position":1,"name":"Home","item":"https:\/\/prokulturgut.net\/akademiederkulturen\/"},{"@type":"ListItem","position":2,"name":"ESF Kurse in Spanien"}]},{"@type":"WebSite","@id":"https:\/\/prokulturgut.net\/akademiederkulturen\/#website","url":"https:\/\/prokulturgut.net\/akademiederkulturen\/","name":"Akademie der Kulturen NRW","description":"","publisher":{"@id":"https:\/\/prokulturgut.net\/akademiederkulturen\/#organization"},"potentialAction":[{"@type":"SearchAction","target":{"@type":"EntryPoint","urlTemplate":"https:\/\/prokulturgut.net\/akademiederkulturen\/?s={search_term_string}"},"query-input":"required name=search_term_string"}],"inLanguage":"de-DE"},{"@type":"Organization","@id":"https:\/\/prokulturgut.net\/akademiederkulturen\/#organization","name":"Akademie der Kulturen NRW","url":"https:\/\/prokulturgut.net\/akademiederkulturen\/","logo":{"@type":"ImageObject","inLanguage":"de-DE","@id":"https:\/\/prokulturgut.net\/akademiederkulturen\/#\/schema\/logo\/image\/","url":"https:\/\/prokulturgut.net\/akademiederkulturen\/wp-content\/uploads\/sites\/5\/2023\/12\/cropped-Logo_Farbe.png","contentUrl":"https:\/\/prokulturgut.net\/akademiederkulturen\/wp-content\/uploads\/sites\/5\/2023\/12\/cropped-Logo_Farbe.png","width":412,"height":118,"caption":"Akademie der Kulturen NRW"},"image":{"@id":"https:\/\/prokulturgut.net\/akademiederkulturen\/#\/schema\/logo\/image\/"}}]}},"_links":{"self":[{"href":"https:\/\/prokulturgut.net\/akademiederkulturen\/wp-json\/wp\/v2\/pages\/22491"}],"collection":[{"href":"https:\/\/prokulturgut.net\/akademiederkulturen\/wp-json\/wp\/v2\/pages"}],"about":[{"href":"https:\/\/prokulturgut.net\/akademiederkulturen\/wp-json\/wp\/v2\/types\/page"}],"author":[{"embeddable":true,"href":"https:\/\/prokulturgut.net\/akademiederkulturen\/wp-json\/wp\/v2\/users\/10"}],"replies":[{"embeddable":true,"href":"https:\/\/prokulturgut.net\/akademiederkulturen\/wp-json\/wp\/v2\/comments?post=22491"}],"version-history":[{"count":32,"href":"https:\/\/prokulturgut.net\/akademiederkulturen\/wp-json\/wp\/v2\/pages\/22491\/revisions"}],"predecessor-version":[{"id":23249,"href":"https:\/\/prokulturgut.net\/akademiederkulturen\/wp-json\/wp\/v2\/pages\/22491\/revisions\/23249"}],"wp:attachment":[{"href":"https:\/\/prokulturgut.net\/akademiederkulturen\/wp-json\/wp\/v2\/media?parent=22491"}],"curies":[{"name":"wp","href":"https:\/\/api.w.org\/{rel}","templated":true}]}}