{"id":24182,"date":"2023-09-26T14:24:38","date_gmt":"2023-09-26T12:24:38","guid":{"rendered":"https:\/\/prokulturgut.net\/akademiederkulturen\/?page_id=24182"},"modified":"2023-09-26T14:24:38","modified_gmt":"2023-09-26T12:24:38","slug":"klangbad-2023","status":"publish","type":"page","link":"https:\/\/prokulturgut.net\/akademiederkulturen\/klangbad-2023\/","title":{"rendered":"Klangbad-2023"},"content":{"rendered":"<div id=\"ui-id-2\" role=\"tabpanel\" aria-labelledby=\"ui-id-1\" aria-hidden=\"false\">\n<p>Termine: 10.\/17.\/24.09., 01.\/08.\/22.\/29.10., 05.\/12.\/19.\/26.11., 03.\/10.\/17.12.2023<\/p>\n<p>Einsteig jederzeit m\u00f6glich<\/p>\n<p><img fetchpriority=\"high\" decoding=\"async\" class=\"alignnone wp-image-24049\" src=\"https:\/\/prokulturgut.net\/akademiederkulturen\/wp-content\/uploads\/sites\/5\/2023\/07\/20230726-Int_Klangbad_Post-1024x1024.png\" alt=\"\" width=\"681\" height=\"681\" srcset=\"https:\/\/prokulturgut.net\/akademiederkulturen\/wp-content\/uploads\/sites\/5\/2023\/07\/20230726-Int_Klangbad_Post-1024x1024.png 1024w, https:\/\/prokulturgut.net\/akademiederkulturen\/wp-content\/uploads\/sites\/5\/2023\/07\/20230726-Int_Klangbad_Post-300x300.png 300w, https:\/\/prokulturgut.net\/akademiederkulturen\/wp-content\/uploads\/sites\/5\/2023\/07\/20230726-Int_Klangbad_Post-150x150.png 150w, https:\/\/prokulturgut.net\/akademiederkulturen\/wp-content\/uploads\/sites\/5\/2023\/07\/20230726-Int_Klangbad_Post-768x768.png 768w, https:\/\/prokulturgut.net\/akademiederkulturen\/wp-content\/uploads\/sites\/5\/2023\/07\/20230726-Int_Klangbad_Post-1536x1536.png 1536w, https:\/\/prokulturgut.net\/akademiederkulturen\/wp-content\/uploads\/sites\/5\/2023\/07\/20230726-Int_Klangbad_Post-66x66.png 66w, https:\/\/prokulturgut.net\/akademiederkulturen\/wp-content\/uploads\/sites\/5\/2023\/07\/20230726-Int_Klangbad_Post-200x200.png 200w, https:\/\/prokulturgut.net\/akademiederkulturen\/wp-content\/uploads\/sites\/5\/2023\/07\/20230726-Int_Klangbad_Post-400x400.png 400w, https:\/\/prokulturgut.net\/akademiederkulturen\/wp-content\/uploads\/sites\/5\/2023\/07\/20230726-Int_Klangbad_Post-600x600.png 600w, https:\/\/prokulturgut.net\/akademiederkulturen\/wp-content\/uploads\/sites\/5\/2023\/07\/20230726-Int_Klangbad_Post-800x800.png 800w, https:\/\/prokulturgut.net\/akademiederkulturen\/wp-content\/uploads\/sites\/5\/2023\/07\/20230726-Int_Klangbad_Post-1200x1200.png 1200w, https:\/\/prokulturgut.net\/akademiederkulturen\/wp-content\/uploads\/sites\/5\/2023\/07\/20230726-Int_Klangbad_Post.png 1920w\" sizes=\"(max-width: 681px) 100vw, 681px\" \/><\/p>\n<p>Unser beliebtes Entwicklungsprojekt\u00a0<strong>Interkulturelles Klangbad<\/strong>\u00a0geht in eine neue Runde. In 2023 starten wir frisch am 6.8.2023. Dieses Jahr m\u00f6chten wir als Schwerpunkt unser Projekt noch mehr f\u00fcr interkulturelle Musiker*innen und Musikeinfl\u00fcsse \u00f6ffnen. Dadurch m\u00f6chten wir auch einen kleinen Beitrag zur Netzwerkarbeit in der lokalen und regionalen Musikszene leisten.<\/p>\n<p>Das Kursangebot ist f\u00fcr Hobby- und Profimusiker aus unterschiedlichen Kulturen, die gemeinsam interessante Kl\u00e4nge erzeugen wollen, die man alleine nicht ohne weiteres realisieren kann. Ihr lernt dabei die Kunst der Improvisation \u00fcber kulturelle Grenzen hinweg kennen. Jetzt auch als offenes Angebot \u2013 Bitte kurzfristig voranmelden beim Kursleiter unter: +49 1786982599<\/p>\n<p>F\u00fcr alle Instrumente<br \/>\nAb 16 Jahren<br \/>\nAb 5 Teilnehmer<br \/>\nTeilnahme: kostenlos<br \/>\nDozent: Afshin Ghavami<br \/>\nSonntags 13-16 Uhr<br \/>\nTermine: 6.8., 12.8. (ausnahmsweise samstags), 10.\/17.\/24.09., 01.\/08.\/22.\/29.10., 05.\/12.\/19.\/26.11., 03.\/10.\/17.12.2023<br \/>\nOrt: Bola Haus der Kulturen, Herbergsweg 1, 44879 Bochum<\/p>\n<p>Anmeldung und Info: afshin.ghavami@t-online.de, +49 1786982599<\/p>\n<p><em>Der Kurs ist gef\u00f6rdert vom Land NRW.<\/em><\/p>\n<p><img decoding=\"async\" class=\"\" src=\"https:\/\/prokulturgut.net\/worldmusicevolution\/wp-content\/uploads\/sites\/2\/2016\/12\/Afshin-Ghavami-print.jpg\" width=\"645\" height=\"430\" \/><\/p>\n<p>Stimmen aus dem Kurs in 2022:<\/p>\n<p>Stimmen aus dem Kurs von Teilnehmenden:<\/p>\n<p>\u201eDie Klangb\u00e4der sind sehr bereichernd und musikalisch abwechslungsreich.<br \/>\nSowohl Profimusiker als auch Amateure werden harmonisch ins Projekt<br \/>\neingebunden und das ganz gleich, mit wechem Instrument man erscheint,<br \/>\noder ob man mit seiner Stimme musizieren m\u00f6chte. Der Seminarraum war<br \/>\ngenial und die Zeit verging jedes Mal wie im Flug.\u201c (Martin)<\/p>\n<p>Hier einige Lieder in in 2022 entstanden sind \ud83d\ude42<\/p>\n<!--[if lt IE 9]><script>document.createElement('audio');<\/script><![endif]-->\n<audio class=\"wp-audio-shortcode\" id=\"audio-24182-1\" preload=\"none\" style=\"width: 100%;\" controls=\"controls\"><source type=\"audio\/mpeg\" src=\"https:\/\/prokulturgut.net\/akademiederkulturen\/wp-content\/uploads\/sites\/5\/2023\/01\/20221230-4-Stella-Splendens-mit-Ragini.mp3?_=1\" \/><a href=\"https:\/\/prokulturgut.net\/akademiederkulturen\/wp-content\/uploads\/sites\/5\/2023\/01\/20221230-4-Stella-Splendens-mit-Ragini.mp3\">https:\/\/prokulturgut.net\/akademiederkulturen\/wp-content\/uploads\/sites\/5\/2023\/01\/20221230-4-Stella-Splendens-mit-Ragini.mp3<\/a><\/audio>\n<audio class=\"wp-audio-shortcode\" id=\"audio-24182-2\" preload=\"none\" style=\"width: 100%;\" controls=\"controls\"><source type=\"audio\/mpeg\" src=\"https:\/\/prokulturgut.net\/akademiederkulturen\/wp-content\/uploads\/sites\/5\/2023\/09\/20221230-1-Lotus-Feet.m4a?_=2\" \/><a href=\"https:\/\/prokulturgut.net\/akademiederkulturen\/wp-content\/uploads\/sites\/5\/2023\/09\/20221230-1-Lotus-Feet.m4a\">https:\/\/prokulturgut.net\/akademiederkulturen\/wp-content\/uploads\/sites\/5\/2023\/09\/20221230-1-Lotus-Feet.m4a<\/a><\/audio>\n<p>weitere Songs: <a href=\"https:\/\/prokulturgut.net\/akademiederkulturen\/entwicklungsprojekt-2023\/\" target=\"_blank\" rel=\"noopener\">https:\/\/prokulturgut.net\/akademiederkulturen\/entwicklungsprojekt-2023\/<\/a><\/p>\n<\/div>\n","protected":false},"excerpt":{"rendered":"<p>Termine: 10.\/17.\/24.09., 01.\/08.\/22.\/29.10., 05.\/12.\/19.\/26.11., 03.\/10.\/17.12.2023 Einsteig jederzeit m\u00f6glich Unser beliebtes Entwicklungsprojekt\u00a0Interkulturelles Klangbad\u00a0geht in eine neue Runde. In 2023 starten wir frisch am 6.8.2023. Dieses Jahr m\u00f6chten wir als Schwerpunkt unser Projekt noch mehr f\u00fcr interkulturelle Musiker*innen und Musikeinfl\u00fcsse \u00f6ffnen. Dadurch m\u00f6chten wir auch einen kleinen Beitrag zur Netzwerkarbeit in der lokalen und regionalen Musikszene leisten. [&hellip;]<\/p>\n","protected":false},"author":10,"featured_media":0,"parent":0,"menu_order":0,"comment_status":"closed","ping_status":"closed","template":"100-width.php","meta":[],"yoast_head":"<!-- This site is optimized with the Yoast SEO plugin v20.11 - https:\/\/yoast.com\/wordpress\/plugins\/seo\/ -->\n<title>Klangbad-2023 - Akademie der Kulturen NRW<\/title>\n<meta name=\"robots\" content=\"index, follow, max-snippet:-1, max-image-preview:large, max-video-preview:-1\" \/>\n<link rel=\"canonical\" href=\"https:\/\/prokulturgut.net\/akademiederkulturen\/klangbad-2023\/\" \/>\n<meta property=\"og:locale\" content=\"de_DE\" \/>\n<meta property=\"og:type\" content=\"article\" \/>\n<meta property=\"og:title\" content=\"Klangbad-2023 - Akademie der Kulturen NRW\" \/>\n<meta property=\"og:description\" content=\"Termine: 10.\/17.\/24.09., 01.\/08.\/22.\/29.10., 05.\/12.\/19.\/26.11., 03.\/10.\/17.12.2023 Einsteig jederzeit m\u00f6glich Unser beliebtes Entwicklungsprojekt\u00a0Interkulturelles Klangbad\u00a0geht in eine neue Runde. In 2023 starten wir frisch am 6.8.2023. Dieses Jahr m\u00f6chten wir als Schwerpunkt unser Projekt noch mehr f\u00fcr interkulturelle Musiker*innen und Musikeinfl\u00fcsse \u00f6ffnen. Dadurch m\u00f6chten wir auch einen kleinen Beitrag zur Netzwerkarbeit in der lokalen und regionalen Musikszene leisten. [&hellip;]\" \/>\n<meta property=\"og:url\" content=\"https:\/\/prokulturgut.net\/akademiederkulturen\/klangbad-2023\/\" \/>\n<meta property=\"og:site_name\" content=\"Akademie der Kulturen NRW\" \/>\n<meta property=\"og:image\" content=\"https:\/\/prokulturgut.net\/akademiederkulturen\/wp-content\/uploads\/sites\/5\/2023\/07\/20230726-Int_Klangbad_Post-1024x1024.png\" \/>\n<meta name=\"twitter:card\" content=\"summary_large_image\" \/>\n<meta name=\"twitter:label1\" content=\"Gesch\u00e4tzte Lesezeit\" \/>\n\t<meta name=\"twitter:data1\" content=\"1 Minute\" \/>\n<script type=\"application\/ld+json\" class=\"yoast-schema-graph\">{\"@context\":\"https:\/\/schema.org\",\"@graph\":[{\"@type\":\"WebPage\",\"@id\":\"https:\/\/prokulturgut.net\/akademiederkulturen\/klangbad-2023\/\",\"url\":\"https:\/\/prokulturgut.net\/akademiederkulturen\/klangbad-2023\/\",\"name\":\"Klangbad-2023 - Akademie der Kulturen NRW\",\"isPartOf\":{\"@id\":\"https:\/\/prokulturgut.net\/akademiederkulturen\/#website\"},\"datePublished\":\"2023-09-26T12:24:38+00:00\",\"dateModified\":\"2023-09-26T12:24:38+00:00\",\"breadcrumb\":{\"@id\":\"https:\/\/prokulturgut.net\/akademiederkulturen\/klangbad-2023\/#breadcrumb\"},\"inLanguage\":\"de-DE\",\"potentialAction\":[{\"@type\":\"ReadAction\",\"target\":[\"https:\/\/prokulturgut.net\/akademiederkulturen\/klangbad-2023\/\"]}]},{\"@type\":\"BreadcrumbList\",\"@id\":\"https:\/\/prokulturgut.net\/akademiederkulturen\/klangbad-2023\/#breadcrumb\",\"itemListElement\":[{\"@type\":\"ListItem\",\"position\":1,\"name\":\"Home\",\"item\":\"https:\/\/prokulturgut.net\/akademiederkulturen\/\"},{\"@type\":\"ListItem\",\"position\":2,\"name\":\"Klangbad-2023\"}]},{\"@type\":\"WebSite\",\"@id\":\"https:\/\/prokulturgut.net\/akademiederkulturen\/#website\",\"url\":\"https:\/\/prokulturgut.net\/akademiederkulturen\/\",\"name\":\"Akademie der Kulturen NRW\",\"description\":\"\",\"publisher\":{\"@id\":\"https:\/\/prokulturgut.net\/akademiederkulturen\/#organization\"},\"potentialAction\":[{\"@type\":\"SearchAction\",\"target\":{\"@type\":\"EntryPoint\",\"urlTemplate\":\"https:\/\/prokulturgut.net\/akademiederkulturen\/?s={search_term_string}\"},\"query-input\":\"required name=search_term_string\"}],\"inLanguage\":\"de-DE\"},{\"@type\":\"Organization\",\"@id\":\"https:\/\/prokulturgut.net\/akademiederkulturen\/#organization\",\"name\":\"Akademie der Kulturen NRW\",\"url\":\"https:\/\/prokulturgut.net\/akademiederkulturen\/\",\"logo\":{\"@type\":\"ImageObject\",\"inLanguage\":\"de-DE\",\"@id\":\"https:\/\/prokulturgut.net\/akademiederkulturen\/#\/schema\/logo\/image\/\",\"url\":\"https:\/\/prokulturgut.net\/akademiederkulturen\/wp-content\/uploads\/sites\/5\/2023\/12\/cropped-Logo_Farbe.png\",\"contentUrl\":\"https:\/\/prokulturgut.net\/akademiederkulturen\/wp-content\/uploads\/sites\/5\/2023\/12\/cropped-Logo_Farbe.png\",\"width\":412,\"height\":118,\"caption\":\"Akademie der Kulturen NRW\"},\"image\":{\"@id\":\"https:\/\/prokulturgut.net\/akademiederkulturen\/#\/schema\/logo\/image\/\"}}]}<\/script>\n<!-- \/ Yoast SEO plugin. -->","yoast_head_json":{"title":"Klangbad-2023 - Akademie der Kulturen NRW","robots":{"index":"index","follow":"follow","max-snippet":"max-snippet:-1","max-image-preview":"max-image-preview:large","max-video-preview":"max-video-preview:-1"},"canonical":"https:\/\/prokulturgut.net\/akademiederkulturen\/klangbad-2023\/","og_locale":"de_DE","og_type":"article","og_title":"Klangbad-2023 - Akademie der Kulturen NRW","og_description":"Termine: 10.\/17.\/24.09., 01.\/08.\/22.\/29.10., 05.\/12.\/19.\/26.11., 03.\/10.\/17.12.2023 Einsteig jederzeit m\u00f6glich Unser beliebtes Entwicklungsprojekt\u00a0Interkulturelles Klangbad\u00a0geht in eine neue Runde. In 2023 starten wir frisch am 6.8.2023. Dieses Jahr m\u00f6chten wir als Schwerpunkt unser Projekt noch mehr f\u00fcr interkulturelle Musiker*innen und Musikeinfl\u00fcsse \u00f6ffnen. Dadurch m\u00f6chten wir auch einen kleinen Beitrag zur Netzwerkarbeit in der lokalen und regionalen Musikszene leisten. [&hellip;]","og_url":"https:\/\/prokulturgut.net\/akademiederkulturen\/klangbad-2023\/","og_site_name":"Akademie der Kulturen NRW","og_image":[{"url":"https:\/\/prokulturgut.net\/akademiederkulturen\/wp-content\/uploads\/sites\/5\/2023\/07\/20230726-Int_Klangbad_Post-1024x1024.png"}],"twitter_card":"summary_large_image","twitter_misc":{"Gesch\u00e4tzte Lesezeit":"1 Minute"},"schema":{"@context":"https:\/\/schema.org","@graph":[{"@type":"WebPage","@id":"https:\/\/prokulturgut.net\/akademiederkulturen\/klangbad-2023\/","url":"https:\/\/prokulturgut.net\/akademiederkulturen\/klangbad-2023\/","name":"Klangbad-2023 - Akademie der Kulturen NRW","isPartOf":{"@id":"https:\/\/prokulturgut.net\/akademiederkulturen\/#website"},"datePublished":"2023-09-26T12:24:38+00:00","dateModified":"2023-09-26T12:24:38+00:00","breadcrumb":{"@id":"https:\/\/prokulturgut.net\/akademiederkulturen\/klangbad-2023\/#breadcrumb"},"inLanguage":"de-DE","potentialAction":[{"@type":"ReadAction","target":["https:\/\/prokulturgut.net\/akademiederkulturen\/klangbad-2023\/"]}]},{"@type":"BreadcrumbList","@id":"https:\/\/prokulturgut.net\/akademiederkulturen\/klangbad-2023\/#breadcrumb","itemListElement":[{"@type":"ListItem","position":1,"name":"Home","item":"https:\/\/prokulturgut.net\/akademiederkulturen\/"},{"@type":"ListItem","position":2,"name":"Klangbad-2023"}]},{"@type":"WebSite","@id":"https:\/\/prokulturgut.net\/akademiederkulturen\/#website","url":"https:\/\/prokulturgut.net\/akademiederkulturen\/","name":"Akademie der Kulturen NRW","description":"","publisher":{"@id":"https:\/\/prokulturgut.net\/akademiederkulturen\/#organization"},"potentialAction":[{"@type":"SearchAction","target":{"@type":"EntryPoint","urlTemplate":"https:\/\/prokulturgut.net\/akademiederkulturen\/?s={search_term_string}"},"query-input":"required name=search_term_string"}],"inLanguage":"de-DE"},{"@type":"Organization","@id":"https:\/\/prokulturgut.net\/akademiederkulturen\/#organization","name":"Akademie der Kulturen NRW","url":"https:\/\/prokulturgut.net\/akademiederkulturen\/","logo":{"@type":"ImageObject","inLanguage":"de-DE","@id":"https:\/\/prokulturgut.net\/akademiederkulturen\/#\/schema\/logo\/image\/","url":"https:\/\/prokulturgut.net\/akademiederkulturen\/wp-content\/uploads\/sites\/5\/2023\/12\/cropped-Logo_Farbe.png","contentUrl":"https:\/\/prokulturgut.net\/akademiederkulturen\/wp-content\/uploads\/sites\/5\/2023\/12\/cropped-Logo_Farbe.png","width":412,"height":118,"caption":"Akademie der Kulturen NRW"},"image":{"@id":"https:\/\/prokulturgut.net\/akademiederkulturen\/#\/schema\/logo\/image\/"}}]}},"_links":{"self":[{"href":"https:\/\/prokulturgut.net\/akademiederkulturen\/wp-json\/wp\/v2\/pages\/24182"}],"collection":[{"href":"https:\/\/prokulturgut.net\/akademiederkulturen\/wp-json\/wp\/v2\/pages"}],"about":[{"href":"https:\/\/prokulturgut.net\/akademiederkulturen\/wp-json\/wp\/v2\/types\/page"}],"author":[{"embeddable":true,"href":"https:\/\/prokulturgut.net\/akademiederkulturen\/wp-json\/wp\/v2\/users\/10"}],"replies":[{"embeddable":true,"href":"https:\/\/prokulturgut.net\/akademiederkulturen\/wp-json\/wp\/v2\/comments?post=24182"}],"version-history":[{"count":1,"href":"https:\/\/prokulturgut.net\/akademiederkulturen\/wp-json\/wp\/v2\/pages\/24182\/revisions"}],"predecessor-version":[{"id":24183,"href":"https:\/\/prokulturgut.net\/akademiederkulturen\/wp-json\/wp\/v2\/pages\/24182\/revisions\/24183"}],"wp:attachment":[{"href":"https:\/\/prokulturgut.net\/akademiederkulturen\/wp-json\/wp\/v2\/media?parent=24182"}],"curies":[{"name":"wp","href":"https:\/\/api.w.org\/{rel}","templated":true}]}}