{"id":831,"date":"2015-08-18T15:27:11","date_gmt":"2015-08-18T13:27:11","guid":{"rendered":"http:\/\/prokulturgut.net\/monte-alegre\/?page_id=831"},"modified":"2024-12-02T14:19:53","modified_gmt":"2024-12-02T13:19:53","slug":"bienvenidos","status":"publish","type":"page","link":"https:\/\/prokulturgut.net\/monte-alegre\/bienvenidos\/","title":{"rendered":"Bienvenidos"},"content":{"rendered":"<div class=\"fusion-fullwidth fullwidth-box fusion-builder-row-1 fusion-flex-container hundred-percent-fullwidth non-hundred-percent-height-scrolling\" style=\"--awb-border-radius-top-left:0px;--awb-border-radius-top-right:0px;--awb-border-radius-bottom-right:0px;--awb-border-radius-bottom-left:0px;--awb-overflow:visible;--awb-flex-wrap:wrap;\" ><div class=\"fusion-builder-row fusion-row fusion-flex-align-items-flex-start fusion-flex-content-wrap\" style=\"width:104% !important;max-width:104% !important;margin-left: calc(-4% \/ 2 );margin-right: calc(-4% \/ 2 );\"><div class=\"fusion-layout-column fusion_builder_column fusion-builder-column-0 fusion_builder_column_2_3 2_3 fusion-flex-column\" style=\"--awb-bg-size:cover;--awb-width-large:66.666666666667%;--awb-margin-top-large:20px;--awb-spacing-right-large:3.84%;--awb-margin-bottom-large:20px;--awb-spacing-left-large:2.88%;--awb-width-medium:66.666666666667%;--awb-spacing-right-medium:3.84%;--awb-spacing-left-medium:2.88%;--awb-width-small:100%;--awb-spacing-right-small:1.92%;--awb-spacing-left-small:1.92%;\"><div class=\"fusion-column-wrapper fusion-flex-justify-content-flex-start fusion-content-layout-column\"><div class=\"fusion-text fusion-text-1\"><h2><strong>El arquitecto Eduardo Canals Peres ha revisado por completo el concepto de Monte Alegre y se ha presentado al ayuntamiento de Alcauc\u00edn el nuevo \u00abProyecto de Actuaci\u00f3n\u00bb para un camping resort ecol\u00f3gico. La informaci\u00f3n estar\u00e1 disponible en breve.<br \/>\nInformaci\u00f3n hist\u00f3rica:<\/strong><\/h2>\n<p>Bienvenido a MONTE ALEGRE \u2013 The place to be<br \/>\nRESORT INTERCULTURAL<\/p>\n<h2><strong style=\"font-size: 16px;\">en Alcauc\u00edn, M\u00e1laga<\/strong><\/h2>\n<h3><strong><i>Desarrollo Integral \u2013 Cuerpo y Mente, Permacultura,<span class=\"Apple-converted-space\">\u00a0<\/span><\/i><i>Creatividad y Tecnolog\u00edas avanzadas\u00a0<\/i><\/strong><\/h3>\n<h2>Una visi\u00f3n se convierte en vida &#8211; y t\u00fa puedes ser parte de ella<\/h2>\n<h2>La Visi\u00f3n<\/h2>\n<p>\u00bb \u00a0Creamos en un entorno energ\u00e9ticamente \u00f3ptima un centro libre y de paz para toda clase de personas independientemente de su origen, cultura o religi\u00f3n<\/p>\n<p>\u00bb \u00a0Un modelo alternativo e intergeneracional donde aprendemos los unos de los otros con un modelo de actuaci\u00f3n creativa \u2013 Integral, innovador, sostenible y altruista<\/p>\n<p>\u00bb \u00a0Monte Alegre da impulso a una v\u00eda responsable y social, dentro del desarrollo ecol\u00f3gico y tecnol\u00f3gico de Andaluc\u00eda<\/p>\n<p>\u00bb \u00a0Nuestra meta es crear una armon\u00eda entre los aspectos econ\u00f3micos, ideales y espirituales<\/p>\n<h2>Vivir en la naturaleza<\/h2>\n<p>\u00bb Espacios ecol\u00f3gicos y pernoctaci\u00f3n para actividades y proyectos con ca. 200 personas<\/p>\n<p>\u00bb Jardines sensoriales y parques naturales para j\u00f3venes y mayores<\/p>\n<p>\u00bb Cultivo de frutas, verduras, hierbas y plantas medicinales de todo el mundo<\/p>\n<p>\u00bb Lagunas de agua y espacios reservados naturales<\/p>\n<h2>Conciencia ambiental<\/h2>\n<p>\u00bb La construcci\u00f3n arquitect\u00f3nica se encuentra integrada en un entorno paisaj\u00edstico natural<\/p>\n<p>\u00bb Agricultura biol\u00f3gica y permacultura<\/p>\n<p>\u00bb Monte Alegre apuesta por el reciclado y aspira a conseguir un ciclo natural y cerrado:<\/p>\n<ul>\n<li>\u00bb Producci\u00f3n energia sostenible<\/li>\n<li>\u00bb Innovativa, duradera y altruista<\/li>\n<\/ul>\n<p><img decoding=\"async\" class=\"alignnone wp-image-3991\" src=\"http:\/\/prokulturgut.net\/monte-alegre\/wp-content\/uploads\/sites\/6\/2019\/03\/180829-Monte-Alegre-overview-planning-web-300x212.jpg\" alt=\"\" width=\"628\" height=\"444\" srcset=\"https:\/\/prokulturgut.net\/monte-alegre\/wp-content\/uploads\/sites\/6\/2019\/03\/180829-Monte-Alegre-overview-planning-web-300x212.jpg 300w, https:\/\/prokulturgut.net\/monte-alegre\/wp-content\/uploads\/sites\/6\/2019\/03\/180829-Monte-Alegre-overview-planning-web-768x543.jpg 768w, https:\/\/prokulturgut.net\/monte-alegre\/wp-content\/uploads\/sites\/6\/2019\/03\/180829-Monte-Alegre-overview-planning-web-1024x724.jpg 1024w, https:\/\/prokulturgut.net\/monte-alegre\/wp-content\/uploads\/sites\/6\/2019\/03\/180829-Monte-Alegre-overview-planning-web.jpg 1080w\" sizes=\"(max-width: 628px) 100vw, 628px\" \/><\/p>\n<\/div><\/div><\/div><div class=\"fusion-layout-column fusion_builder_column fusion-builder-column-1 fusion_builder_column_1_3 1_3 fusion-flex-column\" style=\"--awb-bg-size:cover;--awb-width-large:33.333333333333%;--awb-margin-top-large:40px;--awb-spacing-right-large:5.76%;--awb-margin-bottom-large:20px;--awb-spacing-left-large:3.84%;--awb-width-medium:33.333333333333%;--awb-spacing-right-medium:5.76%;--awb-spacing-left-medium:3.84%;--awb-width-small:100%;--awb-spacing-right-small:1.92%;--awb-spacing-left-small:1.92%;\"><div class=\"fusion-column-wrapper fusion-flex-justify-content-flex-start fusion-content-layout-column\"><a href=\"https:\/\/www.facebook.com\/Prokulturgut.net\">\r\n<i class=\"fa fa-facebook-official\" aria-hidden=\"true\" style=\"font-size:3em\"><\/i><\/a>\r\n<a href=\"https:\/\/www.youtube.com\/user\/rechungpa108\/videos\"><i class=\"fa fa-youtube-square\" aria-hidden=\"true\" style=\"font-size:3em\"><\/i><\/a>\r\n<a href=\"https:\/\/twitter.com\/prokulturgut\"><i class=\"fa fa-twitter-square\" aria-hidden=\"true\" style=\"font-size:3em\"><\/i><\/a>\r\n<a href=\"https:\/\/www.instagram.com\/montealegre.eu\/\"><i class=\"fa fa-instagram\" aria-hidden=\"true\" style=\"font-size:3em\"><\/i><\/a>\r\n<a href=\"https:\/\/soundcloud.com\/rechungpa\"><i class=\"fa fa-soundcloud\" aria-hidden=\"true\" style=\"font-size:3em\"><\/i><\/a>\r\n<a href=\"https:\/\/de.pinterest.com\/rechungpa\/worldmusicevolutionnet\/\"><i class=\"fa fa-pinterest\" aria-hidden=\"true\" style=\"font-size:3em\"><\/i><\/a>\r\n<br>\r\n<br>\r\n<div class=\"fusion-image-element \" style=\"--awb-caption-title-font-family:var(--h2_typography-font-family);--awb-caption-title-font-weight:var(--h2_typography-font-weight);--awb-caption-title-font-style:var(--h2_typography-font-style);--awb-caption-title-size:var(--h2_typography-font-size);--awb-caption-title-transform:var(--h2_typography-text-transform);--awb-caption-title-line-height:var(--h2_typography-line-height);--awb-caption-title-letter-spacing:var(--h2_typography-letter-spacing);\"><span class=\" fusion-imageframe imageframe-none imageframe-1 hover-type-none\"><img decoding=\"async\" width=\"300\" height=\"300\" title=\"Zeichenfla\u0308che 1@0.5x\" src=\"https:\/\/prokulturgut.net\/monte-alegre\/wp-content\/uploads\/sites\/6\/2020\/02\/Zeichenfla\u0308che-1@0.5x-1-300x300.png\" alt class=\"img-responsive wp-image-5777\"\/><\/span><\/div><div class=\"fusion-section-separator section-separator triangle fusion-section-separator-1\" style=\"--awb-border-top:1px solid #f6f6f6;--awb-spacer-height:1px;--awb-svg-margin-left:3.84%;--awb-svg-margin-right:5.76%;--awb-svg-margin-left-medium:3.84%;--awb-svg-margin-right-medium:5.76%;--awb-svg-margin-left-small:1.92%;--awb-svg-margin-right-small:1.92%;--awb-icon-color:#ffffff;\"><div class=\"fusion-section-separator-svg\"><div class=\"divider-candy-arrow top\" style=\"bottom:0px;border-bottom-color: #f6f6f6;\"><\/div><div class=\"divider-candy top\" style=\"top:-21px;border-bottom:1px solid #f6f6f6;border-left:1px solid #f6f6f6;\"><\/div><\/div><div class=\"fusion-section-separator-spacer\"><div class=\"fusion-section-separator-spacer-height\"><\/div><\/div><\/div><div class=\"fusion-text fusion-text-2\"><p>Nuestros <strong>cursos<\/strong> tienen lugar en nuestras<strong> salas de formaci\u00f3n<\/strong> en el centro de <a href=\"https:\/\/espacioconviven.org\/\">ConViven<\/a> hasta que el proyecto se realiza.<\/p>\n<\/div><div class=\"fusion-section-separator section-separator triangle fusion-section-separator-2\" style=\"--awb-border-top:1px solid #f6f6f6;--awb-spacer-height:1px;--awb-svg-margin-left:3.84%;--awb-svg-margin-right:5.76%;--awb-svg-margin-left-medium:3.84%;--awb-svg-margin-right-medium:5.76%;--awb-svg-margin-left-small:1.92%;--awb-svg-margin-right-small:1.92%;--awb-icon-color:#ffffff;\"><div class=\"fusion-section-separator-svg\"><div class=\"divider-candy-arrow top\" style=\"bottom:0px;border-bottom-color: #f6f6f6;\"><\/div><div class=\"divider-candy top\" style=\"top:-21px;border-bottom:1px solid #f6f6f6;border-left:1px solid #f6f6f6;\"><\/div><\/div><div class=\"fusion-section-separator-spacer\"><div class=\"fusion-section-separator-spacer-height\"><\/div><\/div><\/div><div class=\"fusion-image-element \" style=\"--awb-caption-title-font-family:var(--h2_typography-font-family);--awb-caption-title-font-weight:var(--h2_typography-font-weight);--awb-caption-title-font-style:var(--h2_typography-font-style);--awb-caption-title-size:var(--h2_typography-font-size);--awb-caption-title-transform:var(--h2_typography-text-transform);--awb-caption-title-line-height:var(--h2_typography-line-height);--awb-caption-title-letter-spacing:var(--h2_typography-letter-spacing);\"><span class=\" fusion-imageframe imageframe-none imageframe-2 hover-type-none\"><a class=\"fusion-no-lightbox\" href=\"https:\/\/espacioconviven.org\/\" target=\"_blank\" aria-label=\"LOGO-HORIZONTAL-PARA-WEB-01\" rel=\"noopener noreferrer\"><img decoding=\"async\" width=\"300\" height=\"66\" src=\"https:\/\/prokulturgut.net\/monte-alegre\/wp-content\/uploads\/sites\/6\/2020\/08\/LOGO-HORIZONTAL-PARA-WEB-01-300x66.png\" alt class=\"img-responsive wp-image-5809\"\/><\/a><\/span><\/div><div class=\"fusion-section-separator section-separator triangle fusion-section-separator-3\" style=\"--awb-border-top:1px solid #f6f6f6;--awb-spacer-height:1px;--awb-svg-margin-left:3.84%;--awb-svg-margin-right:5.76%;--awb-svg-margin-left-medium:3.84%;--awb-svg-margin-right-medium:5.76%;--awb-svg-margin-left-small:1.92%;--awb-svg-margin-right-small:1.92%;--awb-icon-color:#ffffff;\"><div class=\"fusion-section-separator-svg\"><div class=\"divider-candy-arrow top\" style=\"bottom:0px;border-bottom-color: #f6f6f6;\"><\/div><div class=\"divider-candy top\" style=\"top:-21px;border-bottom:1px solid #f6f6f6;border-left:1px solid #f6f6f6;\"><\/div><\/div><div class=\"fusion-section-separator-spacer\"><div class=\"fusion-section-separator-spacer-height\"><\/div><\/div><\/div><div class=\"fusion-text fusion-text-3\"><p>Asociaci\u00f3n colaboradora (Formaci\u00f3n para j\u00f3venes)<\/p>\n<\/div><div class=\"fusion-section-separator section-separator triangle fusion-section-separator-4\" style=\"--awb-border-top:1px solid #f6f6f6;--awb-spacer-height:1px;--awb-svg-margin-left:3.84%;--awb-svg-margin-right:5.76%;--awb-svg-margin-left-medium:3.84%;--awb-svg-margin-right-medium:5.76%;--awb-svg-margin-left-small:1.92%;--awb-svg-margin-right-small:1.92%;--awb-icon-color:#ffffff;\"><div class=\"fusion-section-separator-svg\"><div class=\"divider-candy-arrow top\" style=\"bottom:0px;border-bottom-color: #f6f6f6;\"><\/div><div class=\"divider-candy top\" style=\"top:-21px;border-bottom:1px solid #f6f6f6;border-left:1px solid #f6f6f6;\"><\/div><\/div><div class=\"fusion-section-separator-spacer\"><div class=\"fusion-section-separator-spacer-height\"><\/div><\/div><\/div><div class=\"fusion-image-element \" style=\"--awb-caption-title-font-family:var(--h2_typography-font-family);--awb-caption-title-font-weight:var(--h2_typography-font-weight);--awb-caption-title-font-style:var(--h2_typography-font-style);--awb-caption-title-size:var(--h2_typography-font-size);--awb-caption-title-transform:var(--h2_typography-text-transform);--awb-caption-title-line-height:var(--h2_typography-line-height);--awb-caption-title-letter-spacing:var(--h2_typography-letter-spacing);\"><span class=\" fusion-imageframe imageframe-none imageframe-3 hover-type-none\"><a class=\"fusion-no-lightbox\" href=\"www.semillamontealegre.org\" target=\"_blank\" aria-label=\"marca semilla\" rel=\"noopener noreferrer\"><img decoding=\"async\" width=\"300\" height=\"190\" src=\"https:\/\/prokulturgut.net\/monte-alegre\/wp-content\/uploads\/sites\/6\/2020\/08\/marca-semilla-300x190.png\" alt class=\"img-responsive wp-image-5812\"\/><\/a><\/span><\/div><div class=\"fusion-text fusion-text-4\"><p><strong>Voluntariado, Trabajo fuera de casa, Pr\u00e1cticas<\/strong> &#8211; en Permacultura, Gesti\u00f3n de Proyectos y Relaciones P\u00fablicas \/ Marketing\u00a1Te estamos esperando! &#8220;Por favor, env\u00edenos un mensaje o ll\u00e1menos para m\u00e1s informaci\u00f3n&#8221; 0049 151 41479643<\/p>\n<\/div><div class=\"fusion-section-separator section-separator triangle fusion-section-separator-5\" style=\"--awb-border-top:1px solid #f6f6f6;--awb-spacer-height:1px;--awb-svg-margin-left:3.84%;--awb-svg-margin-right:5.76%;--awb-svg-margin-left-medium:3.84%;--awb-svg-margin-right-medium:5.76%;--awb-svg-margin-left-small:1.92%;--awb-svg-margin-right-small:1.92%;--awb-icon-color:#ffffff;\"><div class=\"fusion-section-separator-svg\"><div class=\"divider-candy-arrow top\" style=\"bottom:0px;border-bottom-color: #f6f6f6;\"><\/div><div class=\"divider-candy top\" style=\"top:-21px;border-bottom:1px solid #f6f6f6;border-left:1px solid #f6f6f6;\"><\/div><\/div><div class=\"fusion-section-separator-spacer\"><div class=\"fusion-section-separator-spacer-height\"><\/div><\/div><\/div><div class=\"fusion-blog-shortcode fusion-blog-shortcode-1 fusion-blog-archive fusion-blog-layout-medium fusion-blog-pagination\"><div class=\"fusion-posts-container fusion-posts-container-pagination fusion-blog-rollover\" data-pages=\"1\"><article id=\"blog-1-post-5941\" class=\"fusion-post-medium post-5941 post type-post status-publish format-standard has-post-thumbnail hentry category-eventos\">\n\t<style type=\"text\/css\">\n\t\t\n\t\t\n\t\t\n\t\t\n\t\t\t<\/style>\n\n\n\t\t\t<div class=\"fusion-flexslider flexslider fusion-flexslider-loading fusion-post-slideshow\" style=\"\">\n\t\t<ul class=\"slides\">\n\t\t\t\n\t\t\t\t\t\t\t\t\t\t\t\t\t\t<li><div  class=\"fusion-image-wrapper fusion-image-size-fixed\" aria-haspopup=\"true\">\n\t\t\t\t<img width=\"320\" height=\"202\" src=\"https:\/\/prokulturgut.net\/monte-alegre\/wp-content\/uploads\/sites\/6\/2023\/08\/photo_5956037140745929360_y-320x202.jpg\" class=\"attachment-blog-medium size-blog-medium wp-post-image\" alt=\"\" decoding=\"async\" srcset=\"https:\/\/prokulturgut.net\/monte-alegre\/wp-content\/uploads\/sites\/6\/2023\/08\/photo_5956037140745929360_y-320x202.jpg 320w, https:\/\/prokulturgut.net\/monte-alegre\/wp-content\/uploads\/sites\/6\/2023\/08\/photo_5956037140745929360_y-700x441.jpg 700w\" sizes=\"(max-width: 320px) 100vw, 320px\" \/><div class=\"fusion-rollover\">\n\t<div class=\"fusion-rollover-content\">\n\n\t\t\t\t\t\t\t\t\t\t\t\t\t\t<a class=\"fusion-rollover-link\" href=\"https:\/\/prokulturgut.net\/monte-alegre\/scirocco\/\">Scirocco mit Ding Gung Rinpoche<\/a>\n\t\t\t\n\t\t\t\t\t\t\t\t\t\t\t\t\t\t\n\t\t\t\t\t\t\t\t\n\t\t\t\t\t\t\t\t\t\t\t\t\t<div class=\"fusion-rollover-sep\"><\/div>\n\t\t\t\t\n\t\t\t\t\t\t\t\t\t\t\t\t\t\t\t\t\t\t<a class=\"fusion-rollover-gallery\" href=\"https:\/\/prokulturgut.net\/monte-alegre\/wp-content\/uploads\/sites\/6\/2023\/08\/photo_5956037140745929360_y.jpg\" data-options=\"\" data-id=\"5941\" data-rel=\"iLightbox[gallery]\" data-title=\"photo_5956037140745929360_y\" data-caption=\"\">\n\t\t\t\t\t\tGallery\t\t\t\t\t<\/a>\n\t\t\t\t\t\t\t\t\t\t\t\t\t\t\n\t\t\n\t\t\t\t\t\t\t\t\t\t\t\t<h4 class=\"fusion-rollover-title\">\n\t\t\t\t\t<a class=\"fusion-rollover-title-link\" href=\"https:\/\/prokulturgut.net\/monte-alegre\/scirocco\/\">\n\t\t\t\t\t\tScirocco mit Ding Gung Rinpoche\t\t\t\t\t<\/a>\n\t\t\t\t<\/h4>\n\t\t\t\n\t\t\t\t\t\t\t\t\t\t<div class=\"fusion-rollover-categories\"><a href=\"https:\/\/prokulturgut.net\/monte-alegre\/category\/eventos\/\" rel=\"tag\">Eventos<\/a><\/div>\t\t\t\t\t\n\t\t\n\t\t\t\t\t\t<a class=\"fusion-link-wrapper\" href=\"https:\/\/prokulturgut.net\/monte-alegre\/scirocco\/\" aria-label=\"Scirocco mit Ding Gung Rinpoche\"><\/a>\n\t<\/div>\n<\/div>\n<\/div>\n<\/li>\n\t\t\t\n\t\t\t\n\t\t\t\t\t\t\t\t\t\t\t\t\t\t\t\t\t\t\t\t\t\t\t\t\t\t\t\t\t\t\t\t\t\t\t\t\t\t\t\t\t\t\t\t\t\t\t\t\t\t\t\t\t\t\t\t\t\t\t\t\t\t\t\t\t\t\t\t<\/ul>\n\t<\/div>\n\t<div class=\"fusion-post-content post-content\"><h2 class=\"blog-shortcode-post-title entry-title\"><a href=\"https:\/\/prokulturgut.net\/monte-alegre\/scirocco\/\">Scirocco mit Ding Gung Rinpoche<\/a><\/h2><div class=\"fusion-post-content-container\"><p> Liebe Freunde! Wir sind sehr gl\u00fccklich, dass unser besonderer Gast Ding Gung Rinpoche - ein tibetischer Lama, der Euch vielleicht seit den\u00a0Zeremonien auf dem Monte Alegre 2019 bekannt ist - in den letzten Tagen [...]<\/p><\/div><\/div><div class=\"fusion-clearfix\"><\/div><div class=\"fusion-meta-info\"><div class=\"fusion-alignleft\">By <span class=\"vcard\"><span class=\"fn\"><a href=\"https:\/\/prokulturgut.net\/monte-alegre\/author\/christopher\/\" title=\"Posts by christopher\" rel=\"author\">christopher<\/a><\/span><\/span><span class=\"fusion-inline-sep\">|<\/span><span class=\"updated\" style=\"display:none;\">2023-08-11T11:04:46+02:00<\/span><span>August 11th, 2023<\/span><span class=\"fusion-inline-sep\">|<\/span>Categories: <a href=\"https:\/\/prokulturgut.net\/monte-alegre\/category\/eventos\/\" rel=\"category tag\">Eventos<\/a><span class=\"fusion-inline-sep\">|<\/span><span class=\"fusion-comments\"><a href=\"https:\/\/prokulturgut.net\/monte-alegre\/scirocco\/#respond\">0 Comments<\/a><\/span><\/div><div class=\"fusion-alignright\"><a class=\"fusion-read-more\" href=\"https:\/\/prokulturgut.net\/monte-alegre\/scirocco\/\" aria-label=\"More on Scirocco mit Ding Gung Rinpoche\">Read More<\/a><\/div><\/div><\/article>\n<\/div><\/div><div class=\"fusion-section-separator section-separator triangle fusion-section-separator-6\" style=\"--awb-border-top:1px solid #f6f6f6;--awb-spacer-height:1px;--awb-svg-margin-left:3.84%;--awb-svg-margin-right:5.76%;--awb-svg-margin-left-medium:3.84%;--awb-svg-margin-right-medium:5.76%;--awb-svg-margin-left-small:1.92%;--awb-svg-margin-right-small:1.92%;--awb-icon-color:#ffffff;\"><div class=\"fusion-section-separator-svg\"><div class=\"divider-candy-arrow top\" style=\"bottom:0px;border-bottom-color: #f6f6f6;\"><\/div><div class=\"divider-candy top\" style=\"top:-21px;border-bottom:1px solid #f6f6f6;border-left:1px solid #f6f6f6;\"><\/div><\/div><div class=\"fusion-section-separator-spacer\"><div class=\"fusion-section-separator-spacer-height\"><\/div><\/div><\/div><div class=\"fusion-text fusion-text-5\"><p>Si le gustar\u00eda recibir boletines con noticias e informaciones relacionadas a Monte Alegre por favor suscribase a nuestro bolet\u00edn de noticias.<br \/>\nSuscribete al Monte Alegre Newsletter:<\/p>\n<h3>\u261e <a href=\"http:\/\/eepurl.com\/dv3P99\" target=\"_blank\" rel=\"noopener noreferrer\">Monte Alegre \u2013 newsletter<\/a> \u261c<\/h3>\n<\/div><div class=\"fusion-text fusion-text-6\"><h3>\u261e Informaci\u00f3n actual Monte Alegre \u21d3<\/h3>\n<p><a href=\"http:\/\/prokulturgut.net\/monte-alegre\/wp-content\/uploads\/sites\/6\/2016\/05\/160509-A-MonteAlegre_flyer-web.pdf\" rel=\"attachment wp-att-1171\"><img decoding=\"async\" class=\"size-medium wp-image-1171 alignnone\" src=\"http:\/\/prokulturgut.net\/monte-alegre\/wp-content\/uploads\/sites\/6\/2015\/08\/Bildschirmfoto-2016-05-10-um-13.22.10-141x300.png\" alt=\"Flyer Monte Alegre 160509\" width=\"141\" height=\"300\" srcset=\"https:\/\/prokulturgut.net\/monte-alegre\/wp-content\/uploads\/sites\/6\/2015\/08\/Bildschirmfoto-2016-05-10-um-13.22.10-141x300.png 141w, https:\/\/prokulturgut.net\/monte-alegre\/wp-content\/uploads\/sites\/6\/2015\/08\/Bildschirmfoto-2016-05-10-um-13.22.10-482x1024.png 482w, https:\/\/prokulturgut.net\/monte-alegre\/wp-content\/uploads\/sites\/6\/2015\/08\/Bildschirmfoto-2016-05-10-um-13.22.10.png 608w\" sizes=\"(max-width: 141px) 100vw, 141px\" \/><\/a><\/p>\n<\/div><div class=\"fusion-video fusion-youtube\" style=\"--awb-max-width:px;--awb-max-height:px;\"><div class=\"video-shortcode\"><iframe title=\"YouTube video player 1\" src=\"https:\/\/www.youtube.com\/embed\/Ux5SwQVftLo?wmode=transparent&autoplay=0&oida=1\" width=\"\" height=\"\" allowfullscreen allow=\"autoplay; clipboard-write; encrypted-media; gyroscope; picture-in-picture;\"><\/iframe><\/div><\/div><div class=\"fusion-text fusion-text-7\"><p><strong><a href=\"http:\/\/www.videomediterraneo.it\/news\/attualita\/4795-marina-di-ragusa-il-maestro-indiano-nayeem-per-la-prima-volta-in-sicilia.html\" target=\"_blank\" rel=\"noopener noreferrer\">VIDEO MEDITERRANEO &gt; NAYEEM KHAN in SICILIA\/Italy<\/a><\/strong><br \/>\nMarina di Ragusa: Il maestro indiano Nayeem per la prima volta in Sicilia &#8211; Video Mediterraneo<br \/>\n<a href=\"http:\/\/www.videomediterraneo.it\/news\/attualita\/4795-marina-di-ragusa-il-maestro-indiano-nayeem-per-la-prima-volta-in-sicilia.html\"><br \/>\n<\/a><\/p>\n<\/div><div class=\"fusion-video fusion-youtube\" style=\"--awb-max-width:px;--awb-max-height:px;\"><div class=\"video-shortcode\"><iframe title=\"YouTube video player 2\" src=\"https:\/\/www.youtube.com\/embed\/a160bQtGKPI?wmode=transparent&autoplay=0&oida=1\" width=\"\" height=\"\" allowfullscreen allow=\"autoplay; clipboard-write; encrypted-media; gyroscope; picture-in-picture;\"><\/iframe><\/div><\/div><div class=\"fusion-image-carousel fusion-image-carousel-fixed fusion-image-carousel-1 lightbox-enabled\"><div class=\"awb-carousel awb-swiper awb-swiper-carousel awb-swiper-dots-position-bottom awb-carousel--carousel\" data-layout=\"carousel\" data-autoplay=\"yes\" data-autoplayspeed=\"2500\" data-autoplaypause=\"no\" data-columns=\"5\" data-itemmargin=\"13\" data-itemwidth=\"180\" data-touchscroll=\"no\" data-freemode=\"no\" data-imagesize=\"fixed\" data-scrollitems=\"0\" data-centeredslides=\"no\" data-rotationangle=\"50\" data-depth=\"100\" data-speed=\"500\" data-shadow=\"no\"><div class=\"swiper-wrapper awb-image-carousel-wrapper fusion-flex-align-items-center\"><div class=\"swiper-slide\"><div class=\"fusion-carousel-item-wrapper\"><div class=\"fusion-image-wrapper hover-type-none\"><a data-rel=\"iLightbox[image_carousel_1]\" href=\"http:\/\/prokulturgut.net\/monte-alegre\/wp-content\/uploads\/sites\/6\/2015\/08\/JessicaGrenada.jpg\" target=\"_self\"><img src=\"http:\/\/prokulturgut.net\/monte-alegre\/wp-content\/uploads\/sites\/6\/2015\/08\/JessicaGrenada.jpg\" alt=\"\"\/><\/a><\/div><\/div><\/div><div class=\"swiper-slide\"><div class=\"fusion-carousel-item-wrapper\"><div class=\"fusion-image-wrapper hover-type-none\"><a data-rel=\"iLightbox[image_carousel_1]\" href=\"http:\/\/prokulturgut.net\/monte-alegre\/wp-content\/uploads\/sites\/6\/2015\/08\/IMG_7575-1024x682.jpg\" target=\"_self\"><img src=\"http:\/\/prokulturgut.net\/monte-alegre\/wp-content\/uploads\/sites\/6\/2015\/08\/IMG_7575-1024x682.jpg\" alt=\"\"\/><\/a><\/div><\/div><\/div><div class=\"swiper-slide\"><div class=\"fusion-carousel-item-wrapper\"><div class=\"fusion-image-wrapper hover-type-none\"><a data-rel=\"iLightbox[image_carousel_1]\" href=\"http:\/\/prokulturgut.net\/monte-alegre\/wp-content\/uploads\/sites\/6\/2015\/08\/Flower-Scene.jpg\" target=\"_self\"><img src=\"http:\/\/prokulturgut.net\/monte-alegre\/wp-content\/uploads\/sites\/6\/2015\/08\/Flower-Scene.jpg\" alt=\"\"\/><\/a><\/div><\/div><\/div><div class=\"swiper-slide\"><div class=\"fusion-carousel-item-wrapper\"><div class=\"fusion-image-wrapper hover-type-none\"><a data-rel=\"iLightbox[image_carousel_1]\" href=\"http:\/\/prokulturgut.net\/monte-alegre\/wp-content\/uploads\/sites\/6\/2015\/08\/Stupa.jpg\" target=\"_self\"><img src=\"http:\/\/prokulturgut.net\/monte-alegre\/wp-content\/uploads\/sites\/6\/2015\/08\/Stupa.jpg\" alt=\"\"\/><\/a><\/div><\/div><\/div><\/div><div class=\"awb-swiper-button awb-swiper-button-prev\"><i class=\"awb-icon-angle-left\" aria-hidden=\"true\"><\/i><\/div><div class=\"awb-swiper-button awb-swiper-button-next\"><i class=\"awb-icon-angle-right\" aria-hidden=\"true\"><\/i><\/div><\/div><\/div><div class=\"fusion-separator fusion-full-width-sep\" style=\"align-self: center;margin-left: auto;margin-right: auto;margin-top:20px;width:100%;\"><\/div><\/div><\/div><\/div><\/div>\n","protected":false},"excerpt":{"rendered":"","protected":false},"author":2,"featured_media":0,"parent":0,"menu_order":24,"comment_status":"closed","ping_status":"closed","template":"","meta":[],"_links":{"self":[{"href":"https:\/\/prokulturgut.net\/monte-alegre\/wp-json\/wp\/v2\/pages\/831"}],"collection":[{"href":"https:\/\/prokulturgut.net\/monte-alegre\/wp-json\/wp\/v2\/pages"}],"about":[{"href":"https:\/\/prokulturgut.net\/monte-alegre\/wp-json\/wp\/v2\/types\/page"}],"author":[{"embeddable":true,"href":"https:\/\/prokulturgut.net\/monte-alegre\/wp-json\/wp\/v2\/users\/2"}],"replies":[{"embeddable":true,"href":"https:\/\/prokulturgut.net\/monte-alegre\/wp-json\/wp\/v2\/comments?post=831"}],"version-history":[{"count":90,"href":"https:\/\/prokulturgut.net\/monte-alegre\/wp-json\/wp\/v2\/pages\/831\/revisions"}],"predecessor-version":[{"id":6018,"href":"https:\/\/prokulturgut.net\/monte-alegre\/wp-json\/wp\/v2\/pages\/831\/revisions\/6018"}],"wp:attachment":[{"href":"https:\/\/prokulturgut.net\/monte-alegre\/wp-json\/wp\/v2\/media?parent=831"}],"curies":[{"name":"wp","href":"https:\/\/api.w.org\/{rel}","templated":true}]}}