{"id":1841,"date":"2014-07-13T14:44:00","date_gmt":"2014-07-13T12:44:00","guid":{"rendered":"http:\/\/worldmusicevolution.net\/?page_id=1841"},"modified":"2022-10-19T16:46:38","modified_gmt":"2022-10-19T14:46:38","slug":"the-positive-creative-world-in-der-wuppertaler-boerse","status":"publish","type":"page","link":"https:\/\/prokulturgut.net\/worldmusicevolution\/the-positive-creative-world-in-der-wuppertaler-boerse\/","title":{"rendered":"The Positive Creative World &#8211; Konzert in der B\u00f6rse Wuppertal"},"content":{"rendered":"<h2 id=\"intro-core\">Sa, 02. August 2014 Weltmusikkonzert in der B\u00f6rse Wuppertal<\/h2>\n<h4 id=\"intro\" class=\"option1\">The Positive Creative World featuring Dinesh Mishra &#8211; ein Ausflug in neue Klangwelten<\/h4>\n<h4 class=\"option1\"><a href=\"http:\/\/prokulturgut.net\/worldmusicevolution\/wp-content\/uploads\/sites\/2\/2015\/07\/140802-The-positive-plakat-bo\u0308rse-web2-211x300.jpg\"><img decoding=\"async\" class=\"wp-image-3937 size-medium alignright\" src=\"http:\/\/prokulturgut.net\/worldmusicevolution\/wp-content\/uploads\/sites\/2\/2015\/07\/140802-The-positive-plakat-bo\u0308rse-web2-211x300-211x300.jpg\" alt=\"140802-The-positive-plakat-bo\u0308rse-web2-211x300\" width=\"211\" height=\"300\" \/><\/a><\/h4>\n<p class=\"option1\">Am Samstag, den 02.08.2014 um 20 Uhr spielt das Positive Creative World Ensemble in der B\u00f6rse (Wolkenburg100) Wuppertal. Als Gaststars sind Kanjira Meister Ganesh Kumar und Meisterfl\u00f6tist Dinesh Mishra aus Indien mit dabei.Bei diesem einmaligen Konzert spielen Afshin Ghavami (Flamenco Gitarre) aus Bochum, der Wuppertaler Ullip (Percussion Set), Edmund Held (Trompete), Rechungpa (Gongs, Percussion, Obertongesang) und\u00a0 Bansuri Meister Dinesh Mishra (Bambus Fl\u00f6ten) aus Indien.Eine musikalischen Reise durch den nahen und fernen Osten, gemischt mit Einfl\u00fcssen aus dem Flamenco sowie indischen, kubanischen und afrikanischen Elementen.Neue Kreationen vom Meister Fl\u00f6tist Dinesh Mishra treffen auf die erdenden Kl\u00e4nge von Rechungpa am Gong und die wahrhaft dahin perlenden Gitarrenkl\u00e4nge von Afshin Ghavami und das einf\u00fchlsam jazzige Trompetenspiel Edmund Helds. Zusammengehalten wird diese Melange von Ullip mit seinen dynamischen Rhythmen, die er mit seinem Percussion Set meisterlich umsetzt.<\/p>\n<p>&nbsp;<\/p>\n<h3>Impressionen aus dem Konzert:<\/h3>\n<div class=\"video-shortcode\"><iframe title=\"Bulerias - The Positive Creative World @ B\u00f6rse Wuppertal 20140802\" width=\"1100\" height=\"619\" src=\"https:\/\/www.youtube.com\/embed\/rTknnpNie5A?feature=oembed\" frameborder=\"0\" allow=\"accelerometer; autoplay; clipboard-write; encrypted-media; gyroscope; picture-in-picture\" allowfullscreen><\/iframe><\/div>\n","protected":false},"excerpt":{"rendered":"<p>Sa, 02. August 2014 Weltmusikkonzert in der B\u00f6rse Wuppertal The Positive Creative World featuring Dinesh Mishra &#8211; ein Ausflug in neue Klangwelten Am Samstag, den 02.08.2014 um 20 Uhr spielt das Positive Creative World Ensemble in der B\u00f6rse (Wolkenburg100) Wuppertal. Als Gaststars sind Kanjira Meister Ganesh Kumar und Meisterfl\u00f6tist Dinesh Mishra aus Indien mit dabei.Bei  [&#8230;]<\/p>\n","protected":false},"author":2,"featured_media":0,"parent":0,"menu_order":48,"comment_status":"closed","ping_status":"closed","template":"","meta":[],"_links":{"self":[{"href":"https:\/\/prokulturgut.net\/worldmusicevolution\/wp-json\/wp\/v2\/pages\/1841"}],"collection":[{"href":"https:\/\/prokulturgut.net\/worldmusicevolution\/wp-json\/wp\/v2\/pages"}],"about":[{"href":"https:\/\/prokulturgut.net\/worldmusicevolution\/wp-json\/wp\/v2\/types\/page"}],"author":[{"embeddable":true,"href":"https:\/\/prokulturgut.net\/worldmusicevolution\/wp-json\/wp\/v2\/users\/2"}],"replies":[{"embeddable":true,"href":"https:\/\/prokulturgut.net\/worldmusicevolution\/wp-json\/wp\/v2\/comments?post=1841"}],"version-history":[{"count":7,"href":"https:\/\/prokulturgut.net\/worldmusicevolution\/wp-json\/wp\/v2\/pages\/1841\/revisions"}],"predecessor-version":[{"id":6373,"href":"https:\/\/prokulturgut.net\/worldmusicevolution\/wp-json\/wp\/v2\/pages\/1841\/revisions\/6373"}],"wp:attachment":[{"href":"https:\/\/prokulturgut.net\/worldmusicevolution\/wp-json\/wp\/v2\/media?parent=1841"}],"curies":[{"name":"wp","href":"https:\/\/api.w.org\/{rel}","templated":true}]}}