{"id":4803,"date":"2015-07-29T11:22:25","date_gmt":"2015-07-29T09:22:25","guid":{"rendered":"http:\/\/prokulturgut.net\/worldmusicevolution\/?page_id=4803"},"modified":"2025-10-21T12:46:13","modified_gmt":"2025-10-21T10:46:13","slug":"artpro-kuenstleragentur","status":"publish","type":"page","link":"https:\/\/prokulturgut.net\/worldmusicevolution\/artpro-kuenstleragentur\/","title":{"rendered":"ArtPro. K\u00fcnstleragentur"},"content":{"rendered":"<p><div class=\"fusion-fullwidth fullwidth-box fusion-builder-row-1 fusion-flex-container nonhundred-percent-fullwidth non-hundred-percent-height-scrolling\" style=\"--awb-border-radius-top-left:0px;--awb-border-radius-top-right:0px;--awb-border-radius-bottom-right:0px;--awb-border-radius-bottom-left:0px;--awb-flex-wrap:wrap;\" ><div class=\"fusion-builder-row fusion-row fusion-flex-align-items-flex-start fusion-flex-content-wrap\" style=\"max-width:1144px;margin-left: calc(-4% \/ 2 );margin-right: calc(-4% \/ 2 );\"><div class=\"fusion-layout-column fusion_builder_column fusion-builder-column-0 fusion_builder_column_1_1 1_1 fusion-flex-column\" style=\"--awb-bg-size:cover;--awb-width-large:100%;--awb-margin-top-large:0px;--awb-spacing-right-large:1.92%;--awb-margin-bottom-large:0px;--awb-spacing-left-large:1.92%;--awb-width-medium:100%;--awb-spacing-right-medium:1.92%;--awb-spacing-left-medium:1.92%;--awb-width-small:100%;--awb-spacing-right-small:1.92%;--awb-spacing-left-small:1.92%;\"><div class=\"fusion-column-wrapper fusion-flex-justify-content-flex-start fusion-content-layout-column\"><div class=\"fusion-text fusion-text-1\"><h3>ArtProAgency.\u00a0Artists for Artists &#8211;\u00a0Die Agentur. Der K\u00fcnstlerpool im\u00a0prokulturgut.net<\/h3>\n<\/div><\/div><\/div><\/div><\/div><div class=\"fusion-fullwidth fullwidth-box fusion-builder-row-2 fusion-flex-container hundred-percent-fullwidth non-hundred-percent-height-scrolling\" style=\"--awb-border-radius-top-left:0px;--awb-border-radius-top-right:0px;--awb-border-radius-bottom-right:0px;--awb-border-radius-bottom-left:0px;--awb-overflow:visible;--awb-flex-wrap:wrap;\" ><div class=\"fusion-builder-row fusion-row fusion-flex-align-items-flex-start fusion-flex-content-wrap\" style=\"width:calc( 100% + 0px ) !important;max-width:calc( 100% + 0px ) !important;margin-left: calc(-0px \/ 2 );margin-right: calc(-0px \/ 2 );\"><div class=\"fusion-layout-column fusion_builder_column fusion-builder-column-1 fusion_builder_column_1_1 1_1 fusion-flex-column fusion-flex-align-self-flex-start fusion-column-no-min-height\" style=\"--awb-bg-size:cover;--awb-width-large:100%;--awb-margin-top-large:0px;--awb-spacing-right-large:0px;--awb-margin-bottom-large:0px;--awb-spacing-left-large:0px;--awb-width-medium:100%;--awb-spacing-right-medium:0px;--awb-spacing-left-medium:0px;--awb-width-small:100%;--awb-spacing-right-small:0px;--awb-spacing-left-small:0px;\"><div class=\"fusion-column-wrapper fusion-flex-justify-content-flex-start fusion-content-layout-column\"><div class=\"fusion-text fusion-text-2\"><div id=\"attachment_5807\" style=\"width: 359px\" class=\"wp-caption alignright\"><a href=\"http:\/\/worldmusicevolution.net\/category\/portfolio\/\"><img aria-describedby=\"caption-attachment-5807\" decoding=\"async\" class=\"wp-image-5807\" src=\"http:\/\/prokulturgut.net\/worldmusicevolution\/wp-content\/uploads\/sites\/2\/2015\/07\/ArtPro-Kuenstleragentur-programm-400x283.png\" alt=\"ArtProAgency K\u00fcnstleragentur Portfolio\" width=\"349\" height=\"247\" srcset=\"https:\/\/prokulturgut.net\/worldmusicevolution\/wp-content\/uploads\/sites\/2\/2015\/07\/ArtPro-Kuenstleragentur-programm-400x283.png 400w, https:\/\/prokulturgut.net\/worldmusicevolution\/wp-content\/uploads\/sites\/2\/2015\/07\/ArtPro-Kuenstleragentur-programm-1024x724.png 1024w, https:\/\/prokulturgut.net\/worldmusicevolution\/wp-content\/uploads\/sites\/2\/2015\/07\/ArtPro-Kuenstleragentur-programm.png 1324w\" sizes=\"(max-width: 349px) 100vw, 349px\" \/><\/a><p id=\"caption-attachment-5807\" class=\"wp-caption-text\">ArtProAgency K\u00fcnstleragentur Portfolio<\/p><\/div>\n<p>ArtPro. K\u00fcnstleragentur<br \/>\nArtProAgency. Artists for Artists \u2013 Die Agentur. Der <a href=\"http:\/\/worldmusicevolution.net\/portfolio\/\">K\u00fcnstlerpool<\/a> im prokulturgut.net<\/p>\n<p>F\u00fcr Event- und Seminar-Veranstalter, Kunstliebhaber, Sammler und K\u00fcnstler selbst.<\/p>\n<p>Die ArtPro K\u00fcnstleragentur ist Mitglied des interkulturellen Netzwerks und Dachverbandes Prokulturgut.Net e.V., teilt sein Leitbild und unterst\u00fctzt seine Ziele:Das Leitbild des Netzwerkes ist es, eine ganzheitliche Lebensanschauung mit geistvoller Kreativit\u00e4t und Bewusstheit zu unterst\u00fctzen. Es f\u00f6rdert die Entwicklung all derer, die ein Leben mit Liebe und Verantwortung f\u00fcr sich selbst und den \u201eRest des Universums\u201c erstreben.<\/p>\n<p>In diesem Sinne ist das Ziel des gemeinn\u00fctzig anerkannten prokulturgut.net e.V. die F\u00f6rderung der Kinder-, Jugend- und Erwachsenenbildung im internationalen Kunst- und Kulturaustausch, in der Gesundheit, in der Natur- und Umweltschutz.<\/p>\n<p>Ein internationales und holistisches Verst\u00e4ndnis sowie Toleranz auf allen Gebieten der Kultur und der V\u00f6lkerverst\u00e4ndigung wird dabei vermittelt.<\/p>\n<p>Die ArtPro K\u00fcnstleragentur organisiert in Kooperation mit der Akademie der Kulturen NRW Veranstaltungen, Konzerte und Seminare \u2013 in NRW, in Deutschland und Europa. Wir laden alle herzlich ein, sich an unserem Veranstaltungsangebot zu bedienen. Die ArtPro K\u00fcnstleragentur pr\u00e4sentiert K\u00fcnstler aus ihrem Pool nicht nur au\u00dfer Haus, sondern auch an ihrem Stammsitz, im BOLA \u2013 Haus der Kulturen in der \u201eKulturhauptstadt 2010\u201c.<\/p>\n<p>Das BOLA \u2013 Haus der Kulturen und die Arbeit der ArtPro K\u00fcnstleragentur ist allen friedvollen, kreativen, interkulturell &amp; ganzheitlich interessierten Menschen und Initiativen gewidmet. Audio- und Video-\/TV-Recordings der Events werden professionell, zumeist in Kooperation mit dem MediArt- Institut f\u00fcr audiovisuelle Kunst e.V. realisiert.<\/p>\n<p>Bei Bedarf helfen wir Ihnen auch, Ihren Event organisatorisch und technisch zu meistern.<\/p>\n<p>K\u00fcnstler sind willkommen sich in unserem Pool mit ihren F\u00e4higkeiten einzubringen!<\/p>\n<p><strong>Kontakt:<\/strong><br \/>\nRechungpa Reinhard Kreckel &amp; Team<br \/>\nc\/o prokulturgut.net<br \/>\nim BOLA. Haus der Kulturen Ruhr<br \/>\nHerbergsweg 1, D-4879 Bochum<br \/>Tel: +49 (0)234 589 2040<br \/>\nE-Mail: artproagency@prokulturgut.net<\/p>\n<\/div><\/div><\/div><\/div><\/div><\/p>\n","protected":false},"excerpt":{"rendered":"","protected":false},"author":2,"featured_media":0,"parent":0,"menu_order":11,"comment_status":"open","ping_status":"open","template":"100-width.php","meta":[],"_links":{"self":[{"href":"https:\/\/prokulturgut.net\/worldmusicevolution\/wp-json\/wp\/v2\/pages\/4803"}],"collection":[{"href":"https:\/\/prokulturgut.net\/worldmusicevolution\/wp-json\/wp\/v2\/pages"}],"about":[{"href":"https:\/\/prokulturgut.net\/worldmusicevolution\/wp-json\/wp\/v2\/types\/page"}],"author":[{"embeddable":true,"href":"https:\/\/prokulturgut.net\/worldmusicevolution\/wp-json\/wp\/v2\/users\/2"}],"replies":[{"embeddable":true,"href":"https:\/\/prokulturgut.net\/worldmusicevolution\/wp-json\/wp\/v2\/comments?post=4803"}],"version-history":[{"count":16,"href":"https:\/\/prokulturgut.net\/worldmusicevolution\/wp-json\/wp\/v2\/pages\/4803\/revisions"}],"predecessor-version":[{"id":18284,"href":"https:\/\/prokulturgut.net\/worldmusicevolution\/wp-json\/wp\/v2\/pages\/4803\/revisions\/18284"}],"wp:attachment":[{"href":"https:\/\/prokulturgut.net\/worldmusicevolution\/wp-json\/wp\/v2\/media?parent=4803"}],"curies":[{"name":"wp","href":"https:\/\/api.w.org\/{rel}","templated":true}]}}