{"id":5961,"date":"2015-11-26T12:33:13","date_gmt":"2015-11-26T11:33:13","guid":{"rendered":"http:\/\/prokulturgut.net\/worldmusicevolution\/?page_id=5961"},"modified":"2022-10-19T16:46:31","modified_gmt":"2022-10-19T14:46:31","slug":"spirit-of-india-concierto-por-la-paz-universal-con-dinesh-mishra-hanif-khan-rechungpa","status":"publish","type":"page","link":"https:\/\/prokulturgut.net\/worldmusicevolution\/spirit-of-india-concierto-por-la-paz-universal-con-dinesh-mishra-hanif-khan-rechungpa\/","title":{"rendered":"Spirit of India Fusion &#8211; Concierto para la Paz Universal"},"content":{"rendered":"<div class=\"fusion-fullwidth fullwidth-box fusion-builder-row-1 fusion-flex-container hundred-percent-fullwidth non-hundred-percent-height-scrolling\" style=\"--awb-border-radius-top-left:0px;--awb-border-radius-top-right:0px;--awb-border-radius-bottom-right:0px;--awb-border-radius-bottom-left:0px;--awb-overflow:visible;--awb-flex-wrap:wrap;\" ><div class=\"fusion-builder-row fusion-row fusion-flex-align-items-flex-start fusion-flex-content-wrap\" style=\"width:calc( 100% + 0px ) !important;max-width:calc( 100% + 0px ) !important;margin-left: calc(-0px \/ 2 );margin-right: calc(-0px \/ 2 );\"><div class=\"fusion-layout-column fusion_builder_column fusion-builder-column-0 fusion_builder_column_1_1 1_1 fusion-flex-column fusion-flex-align-self-flex-start fusion-column-no-min-height\" style=\"--awb-bg-size:cover;--awb-width-large:100%;--awb-margin-top-large:0px;--awb-spacing-right-large:0px;--awb-margin-bottom-large:0px;--awb-spacing-left-large:0px;--awb-width-medium:100%;--awb-spacing-right-medium:0px;--awb-spacing-left-medium:0px;--awb-width-small:100%;--awb-spacing-right-small:0px;--awb-spacing-left-small:0px;\"><div class=\"fusion-column-wrapper fusion-flex-justify-content-flex-start fusion-content-layout-column\"><div class=\"fusion-text fusion-text-1\"><h2>Bienvenida -Welcome!<\/h2>\n<h3>\u201eSpirit of India\u201c &#8211; Concierto Por la Paz Universal<br \/>\ncon Dinesh Mishra , Hanif Khan &amp; Rechungpa<\/h3>\n<h3>5 Dic 2015 20:00 horas<br \/>\nSala de baile, Centro C\u00edvico La Herradura<\/h3>\n<p><a href=\"http:\/\/prokulturgut.net\/wp-content\/uploads\/2015\/11\/151205-Spirit-Of-India-Fusion_La-Herradura-web-72.jpg\"><img decoding=\"async\" class=\"alignright wp-image-15917 \" src=\"http:\/\/prokulturgut.net\/wp-content\/uploads\/2015\/11\/151205-Spirit-Of-India-Fusion_La-Herradura-web-72.jpg\" alt=\"151205 Spirit-Of-India-Fusion_La Herradura web 72\" width=\"472\" height=\"652\" \/><\/a><\/p>\n<p>DINESH MISHRA, es el Flautista principal de Mumbai &#8211; Bansuri Flauta<br \/>\nUSTAD HANIF KHAN, es el maestro de la Tabla en la m\u00fasica cinematogr\u00e1fica india y la m\u00fasica cl\u00e1sica, Ustad Sultan Khan es tambi\u00e9n compa\u00f1ero del legendario Ustad Sultan Khan (Sarangi) en sus giras mundiales.<br \/>\nRECHUNGPA, es el multi-instrumentista con gongs, percusi\u00f3n, voz, arm\u00f3nicos<\/p>\n<p>Desde 2012, Dinesh Mishra, Hanif Khan y Rechungpa &#8211; el Trio emociono la audiencia en el estado Aleman de NordrheinWestfalen. Y ahora viene de nuevo el excepcional trio, los m\u00fasicos Indios Dinesh Mishra (Bansuri),Hanif Khan (Tabla) y Rechungpa con su fusi\u00f3n musical en Europa. Los conciertos \u00fanicos incluyen composiciones con improvisaciones de m\u00fasica intuitiva y composici\u00f3n instant\u00e1nea. Estamos experimentando la suavidad y el \u00e9xtasis de la m\u00fasica india con meditativa Gong, matices, multifac\u00e9tica y din\u00e1mica percusi\u00f3n tabla.<\/p>\n<div class=\"fusion-soundcloud\"><iframe scrolling=\"no\" frameborder=\"no\" width=\"100%\" height=\"450\" allow=\"autoplay\" src=\"https:\/\/w.soundcloud.com\/player\/?url=https:\/\/api.soundcloud.com\/playlists\/167956479&amp;auto_play=false&amp;hide_related=true&amp;show_comments=true&amp;show_user=true&amp;show_reposts=false&amp;visual=false&amp;color=ff7700\" title=\"soundcloud\"><\/iframe><\/div>\n<p>DINESH MISHRA es internacionalmente reconocido como el maestro de bansuri Mumbai en la India. Con su m\u00fasica Dinesh abre los corazones. Su flauta nos relaja y nos eleva a un sentido divino de la calma y la paz. Dinesh toca la flauta con una M\u00fasica que fluye del coraz\u00f3n. Es un placer escuchar la pureza de los sonidos y de ser atrapado por ellos. Dinesh no repite las melod\u00edas, y nos deleita con nuevas composiciones. <a href=\"http:\/\/www.dineshflute.com\" target=\"_blank\" rel=\"noopener\">www.dineshflute.com<\/a><\/p>\n<p>RECHUNGPA Reinhard Kreckel, es un artista polifac\u00e9tico y m\u00fasico con amor por la m\u00fasica creativa, el arte y hacerlo significativo. El goza experimentando con la creaci\u00f3n de la m\u00fasica. La relajaci\u00f3n y la estimularon de la mente puede despertar los sentimientos m\u00e1s profundos. Por medio de los sonidos del Gong y la voz . Rechungpa es el fundador de una plataforma de artistas, m\u00fasicos y hol\u00edsticamente interesados. Prokulturgut.net es una red internacional y con Dinesh Mishra creo el Instituto para la Academia intuitiva World Music de las Culturas en el estado alem\u00e1n de NordrheinWestfalen.<br \/>\n<a href=\"http:\/\/www.worldmusicevolution.net\/rechungpamusic\/\" target=\"_blank\" rel=\"noopener\">www.worldmusicevolution.net\/rechungpamusic\/<\/a><\/p>\n<p>Ustad HANIF KHAN, es uno de los maestros indios de clase mundial originario de Mumbai amo del tambor. Enriquece las piezas con su multifac\u00e9tica forma, desde tonos suaves hasta energ\u00e9ticos con un virtuoso dedo m\u00e1gico al dejar cantar sus tambores. Es as\u00ed como nos trasmite un resplandor alegre cuando verbaliza el lenguaje de sus tambores. Su flexibilidad al tocar integra magistralmente la m\u00fasica india cl\u00e1sica, occidental y moderna.<br \/>\n<a href=\"http:\/\/www.worldmusicevolution.net\/ustad-hanif-khan-tabla\/\" target=\"_blank\" rel=\"noopener\">www.worldmusicevolution.net\/ustad-hanif-khan-tabla\/<\/a><\/p>\n<\/div><\/div><\/div><\/div><\/div>\n","protected":false},"excerpt":{"rendered":"","protected":false},"author":2,"featured_media":0,"parent":0,"menu_order":42,"comment_status":"closed","ping_status":"closed","template":"","meta":[],"_links":{"self":[{"href":"https:\/\/prokulturgut.net\/worldmusicevolution\/wp-json\/wp\/v2\/pages\/5961"}],"collection":[{"href":"https:\/\/prokulturgut.net\/worldmusicevolution\/wp-json\/wp\/v2\/pages"}],"about":[{"href":"https:\/\/prokulturgut.net\/worldmusicevolution\/wp-json\/wp\/v2\/types\/page"}],"author":[{"embeddable":true,"href":"https:\/\/prokulturgut.net\/worldmusicevolution\/wp-json\/wp\/v2\/users\/2"}],"replies":[{"embeddable":true,"href":"https:\/\/prokulturgut.net\/worldmusicevolution\/wp-json\/wp\/v2\/comments?post=5961"}],"version-history":[{"count":10,"href":"https:\/\/prokulturgut.net\/worldmusicevolution\/wp-json\/wp\/v2\/pages\/5961\/revisions"}],"predecessor-version":[{"id":18017,"href":"https:\/\/prokulturgut.net\/worldmusicevolution\/wp-json\/wp\/v2\/pages\/5961\/revisions\/18017"}],"wp:attachment":[{"href":"https:\/\/prokulturgut.net\/worldmusicevolution\/wp-json\/wp\/v2\/media?parent=5961"}],"curies":[{"name":"wp","href":"https:\/\/api.w.org\/{rel}","templated":true}]}}